{"id":565,"date":"2019-01-23T13:55:55","date_gmt":"2019-01-23T12:55:55","guid":{"rendered":"https:\/\/www.landfrauen-meppen.de\/wesuwe-siedlung\/?page_id=565"},"modified":"2019-01-23T13:55:55","modified_gmt":"2019-01-23T12:55:55","slug":"60-jahre-landfrauen-wesuwe-siedlung","status":"publish","type":"page","link":"https:\/\/www.landfrauen-meppen.de\/wesuwe-siedlung\/chronik\/60-jahre-landfrauen-wesuwe-siedlung\/","title":{"rendered":"60 Jahre Landfrauen Wesuwe-Siedlung"},"content":{"rendered":"<p><strong><u>60 Jahre Landfrauen Wesuwe\/Siedlung<\/u><\/strong><\/p>\n<p>Am 21.Oktober 2016 feierte der Landfrauenverein Wesuwe\/Siedlung sein 60-j\u00e4hriges Bestehen.<\/p>\n<p>In der Festrede der 1. Vorsitzenden, Frau Beate Keuter, sowie mit \u00a0einer Bild-Pr\u00e4sentation, wurde R\u00fcckschau\u00a0 gehalten.<\/p>\n<p>Der Grundstein zum Aufbau des Vereins wurde im Jahre 1956 in der Gastst\u00e4tte Heuer gelegt . Dort trafen sich einige Frauen aus Wesuwe\/Siedlung und w\u00e4hlten unter Mithilfe damaliger Landfrauenberaterinnen der Au\u00dfenstelle Meppen, den ersten Vorstand des Vereins.<!--more--><\/p>\n<p>Erste Vorsitzende wurde Maria Steffens. Sie bekam Unterst\u00fctzung von Elisabeth Fehren und Anni Gr\u00f6ninger. Ganze 18 Mitglieder durften bei der Vereinsgr\u00fcndung gez\u00e4hlt werden.<\/p>\n<p>1962 \u00fcbernahm Frau Margret Berkenheger den Vorsitz, weitere Vorstandsmitglieder waren Anni Gr\u00f6ninger, sowie Maria Heidkamp. Alle drei haben ihr Amt mit viel Engagement mehr als 28 Jahre ausge\u00fcbt. Frau Heidkamp hat sogar nach Ihrer Verabschiedung noch weitere 14 Jahre das Amt der Vertrauensfrau \u00fcbernommen. Das macht zusammen 42 Jahre aktive Mitarbeit im Verein, wof\u00fcr Sie an diesem Abend besonders geehrt wurde.<\/p>\n<p>Auch die darauffolgenden 1. Vorsitzenden Antonia Wester und danach B\u00e4rbel Kr\u00f6ger\u00a0 haben den Verein besonders gepr\u00e4gt. Jede hatte ihre individuelle St\u00e4rke mit eingebracht.<\/p>\n<p>Von den angefangenen Mitgliedern wuchs die Zahl der beigetretenen Frauen, aus Versen, Fehndorf, Hebelermeer, Wesuwe und Wesuwe\/Siedllung auf nunmehr 70 Mitglieder..<\/p>\n<p>All diesen Frauen, besonders den Vertrauensfrauen, wurde an diesem Abend ein gro\u00dfes Lob f\u00fcr die Hilfsbereitschaft in dem Verein ausgesprochen.<\/p>\n<p>Den Mitgliedern wurde stets ein abwechslungsreiches Programm geboten. Es wurden Vortr\u00e4ge gehalten im Bereich: Gesundheit, Ern\u00e4hrung, Erben \u2013 Vererben, Hospiz, Dekoration und Gartentipps.<\/p>\n<p>Aber auch Fahrten und Ausfl\u00fcge wurden unternommen.<\/p>\n<p>Der aktuelle Vorstand Beate Keuter, Barbara Kathmann, Sylvia Wester, Margret Ellermann und Waltraud Zumbeel bedankten sich auch f\u00fcr Unterst\u00fctzung beim Weihnachtsmarkt und Sch\u00fctzenfest, f\u00fcr all die leckeren Kuchen und Brote. Bei so guter Mitarbeit, macht es Freude diesen Verein weiterzuf\u00fchren.<\/p>\n<p>Die Jubil\u00e4umsfeier wurde abgerundet durch die humorvollen Einlagen der Theatergruppe Wesuwe. Mit ihren lustigen Sketchen und Gesangseinlagen haben sie ganz besonders zum Gelingen der Feier beigetragen.<\/p>\n<p>&nbsp;<\/p>\n<p><img loading=\"lazy\" decoding=\"async\" class=\"alignnone size-medium wp-image-168\" src=\"https:\/\/www.landfrauen-meppen.de\/wesuwe-siedlung\/wp-content\/uploads\/sites\/13\/2016\/12\/Blumen-f\u00fcr-die-erste-Vorsitzende-300x200.jpg\" alt=\"\" width=\"300\" height=\"200\" srcset=\"https:\/\/www.landfrauen-meppen.de\/wesuwe-siedlung\/wp-content\/uploads\/sites\/13\/2016\/12\/Blumen-f\u00fcr-die-erste-Vorsitzende-300x200.jpg 300w, https:\/\/www.landfrauen-meppen.de\/wesuwe-siedlung\/wp-content\/uploads\/sites\/13\/2016\/12\/Blumen-f\u00fcr-die-erste-Vorsitzende-768x512.jpg 768w, https:\/\/www.landfrauen-meppen.de\/wesuwe-siedlung\/wp-content\/uploads\/sites\/13\/2016\/12\/Blumen-f\u00fcr-die-erste-Vorsitzende-1024x683.jpg 1024w\" sizes=\"auto, (max-width: 300px) 100vw, 300px\" \/><\/p>\n<p>Blumen f\u00fcr die 1. Vorsitzende<\/p>\n","protected":false},"excerpt":{"rendered":"<p>60 Jahre Landfrauen Wesuwe\/Siedlung Am 21.Oktober 2016 feierte der Landfrauenverein Wesuwe\/Siedlung sein 60-j\u00e4hriges Bestehen. In der Festrede der 1. Vorsitzenden, Frau Beate Keuter, sowie mit \u00a0einer Bild-Pr\u00e4sentation, wurde R\u00fcckschau\u00a0 gehalten. <a class=\"more-link\" href=\"https:\/\/www.landfrauen-meppen.de\/wesuwe-siedlung\/chronik\/60-jahre-landfrauen-wesuwe-siedlung\/\">Weiterlesen\u00a0\u2026<\/a><\/p>\n","protected":false},"author":13,"featured_media":0,"parent":344,"menu_order":0,"comment_status":"closed","ping_status":"closed","template":"","meta":{"footnotes":""},"class_list":["post-565","page","type-page","status-publish","hentry"],"_links":{"self":[{"href":"https:\/\/www.landfrauen-meppen.de\/wesuwe-siedlung\/wp-json\/wp\/v2\/pages\/565","targetHints":{"allow":["GET"]}}],"collection":[{"href":"https:\/\/www.landfrauen-meppen.de\/wesuwe-siedlung\/wp-json\/wp\/v2\/pages"}],"about":[{"href":"https:\/\/www.landfrauen-meppen.de\/wesuwe-siedlung\/wp-json\/wp\/v2\/types\/page"}],"author":[{"embeddable":true,"href":"https:\/\/www.landfrauen-meppen.de\/wesuwe-siedlung\/wp-json\/wp\/v2\/users\/13"}],"replies":[{"embeddable":true,"href":"https:\/\/www.landfrauen-meppen.de\/wesuwe-siedlung\/wp-json\/wp\/v2\/comments?post=565"}],"version-history":[{"count":1,"href":"https:\/\/www.landfrauen-meppen.de\/wesuwe-siedlung\/wp-json\/wp\/v2\/pages\/565\/revisions"}],"predecessor-version":[{"id":566,"href":"https:\/\/www.landfrauen-meppen.de\/wesuwe-siedlung\/wp-json\/wp\/v2\/pages\/565\/revisions\/566"}],"up":[{"embeddable":true,"href":"https:\/\/www.landfrauen-meppen.de\/wesuwe-siedlung\/wp-json\/wp\/v2\/pages\/344"}],"wp:attachment":[{"href":"https:\/\/www.landfrauen-meppen.de\/wesuwe-siedlung\/wp-json\/wp\/v2\/media?parent=565"}],"curies":[{"name":"wp","href":"https:\/\/api.w.org\/{rel}","templated":true}]}}