{"id":2041,"date":"2025-02-05T23:07:53","date_gmt":"2025-02-05T22:07:53","guid":{"rendered":"https:\/\/www.landfrauen-meppen.de\/holte-laehden\/?page_id=2041"},"modified":"2025-02-05T23:13:37","modified_gmt":"2025-02-05T22:13:37","slug":"jahresplan-2025","status":"publish","type":"page","link":"https:\/\/www.landfrauen-meppen.de\/holte-laehden\/jahresplan-2025\/","title":{"rendered":"Jahresprogramm 2025"},"content":{"rendered":"<p><strong>Jahresplan 2025<\/strong><\/p>\n<h3><a href=\"https:\/\/www.landfrauen-meppen.de\/holte-laehden\/aktuelles\/wuerfelband-lang\/\" rel=\"attachment wp-att-1012\"><img loading=\"lazy\" decoding=\"async\" class=\"alignnone size-full wp-image-1012\" src=\"https:\/\/www.landfrauen-meppen.de\/holte-laehden\/wp-content\/uploads\/sites\/9\/2020\/06\/W\u00fcrfelband-lang.jpg\" alt=\"\" width=\"842\" height=\"35\" srcset=\"https:\/\/www.landfrauen-meppen.de\/holte-laehden\/wp-content\/uploads\/sites\/9\/2020\/06\/W\u00fcrfelband-lang.jpg 842w, https:\/\/www.landfrauen-meppen.de\/holte-laehden\/wp-content\/uploads\/sites\/9\/2020\/06\/W\u00fcrfelband-lang-150x6.jpg 150w, https:\/\/www.landfrauen-meppen.de\/holte-laehden\/wp-content\/uploads\/sites\/9\/2020\/06\/W\u00fcrfelband-lang-300x12.jpg 300w, https:\/\/www.landfrauen-meppen.de\/holte-laehden\/wp-content\/uploads\/sites\/9\/2020\/06\/W\u00fcrfelband-lang-768x32.jpg 768w\" sizes=\"auto, (max-width: 842px) 100vw, 842px\" \/><\/a><\/h3>\n<p>&nbsp;<\/p>\n<ul>\n<li><strong><u>Februar 2025<\/u><\/strong><\/li>\n<\/ul>\n<p>Am Samstag, 22. Februar 2025, laden wir alle Mitglieder mit ihren Freundinnen ab 9:30 Uhr zu einem Fr\u00fchst\u00fcck in das Jugendheim in Vinnen ein. F\u00fcr Aufheiterung sorgt Herr Behrens-Meyer aus Garrel mit Geschichten rund um den Unterhaltungsk\u00fcnstler und Komiker \u201eHeinz Erhardt\u201c.<\/p>\n<h3><\/h3>\n<ul>\n<li><strong><u>M\u00e4rz 2025<\/u><\/strong><\/li>\n<\/ul>\n<p>Am Freitag, 21. M\u00e4rz 2025 laden wir zu einem Nostalgie-Cafe\u00b4 in die Gastst\u00e4tte Voges in L\u00e4hden ein.<\/p>\n<p>&nbsp;<\/p>\n<ul>\n<li><strong><u>M\u00e4rz\/April 2025<\/u><\/strong><\/li>\n<\/ul>\n<p>Am Montag, 31. M\u00e4rz 2025 und am Dienstag, 01.April 2025, besteht die M\u00f6glichkeit kreativ zu werden. W\u00e4hrend eines Workshops k\u00f6nnen Figuren aus Gips gefertigt werden. Der Kurs findet jeweils im Naturkundehaus in L\u00e4hden statt.\u00a0 Es entstehen Materialkosten von 25,00 \u20ac.<\/p>\n<p>&nbsp;<\/p>\n<ul>\n<li><strong><u>Mai 2025<\/u><\/strong><\/li>\n<\/ul>\n<p>Am 19. Mai 2025 starten wir ab 12:30 Uhr zu einer Halbtagesfahrt nach M\u00fchlen. Dort werden wir zu einer F\u00fchrung in einem Japanischen Garten erwartet. Nach einer Kaffeetafel besichtigen wir den Garten des Tierarztes Dr. Kiene in M\u00fchlen. Nach einem Abendessen im Restaurant \u201eLa BARaca\u201c treten wir die Heimreise an.<\/p>\n<p>&nbsp;<\/p>\n<ul>\n<li><strong><u>Juni 2025<\/u><\/strong><\/li>\n<\/ul>\n<p>Das Gl\u00fcck auf die Probe stellen wir bei der n\u00e4chsten Runde \u201eBingo\u201c, zu der wir am Mittwoch, dem 11. Juni 2025, herzlich einladen. Wir beginnen im Jugendheim in Her\u00dfum ab 15:00 Uhr mit einer Kaffeetafel, danach rollen die Kugeln zum Gl\u00fcck.<\/p>\n<p>&nbsp;<\/p>\n<ul>\n<li><strong><u>Juli 2025<\/u><\/strong><\/li>\n<\/ul>\n<p>Am 18\/19.Juli 2025 starten wir zu einer gem\u00fctlichen Fahrradtour in das Osnabr\u00fccker Land. Im Hotel Bahnhof der Familie D\u00fcckinghaus in Lechtrup-Merzen kehren wir zur \u00dcbernachtung ein. Dort schlummern wir in historischen Eisenbahnwaggons in liebevoll hergerichteten Hotel-Abteilen. N\u00e4heres zur Fahrt wird zeitnah bekannt gegeben.<\/p>\n<p>&nbsp;<\/p>\n<ul>\n<li><strong><u>Oktober 2025<\/u><\/strong><\/li>\n<\/ul>\n<p>Am 6. Oktober laden wir zu einer kleinen Radtour rund um Ahmsen ein. Wir beginnen um 16:00 Uhr mit einer St\u00e4rkung am Backhaus in Ahmsen und starten dann zu einer ca. 20 km langen Fahrt durch die Natur.<\/p>\n<p>&nbsp;<\/p>\n<ul>\n<li><strong><u>Oktober 2025<\/u><\/strong><\/li>\n<\/ul>\n<p>Am Dienstag, 21. Oktober 2025 findet die Generalversammlung ab 19:00 Uhr in der Gastst\u00e4tte L\u00fcbke-Winkler in Ahmsen statt. Als Referenten konnten wir den Rechtsanwalt und Notar Herrn Manfred Grabbe gewinnen. Er wird an diesem Abend zum Thema \u201ePatientenverf\u00fcgung und Vorsorgevollmacht\u201c zu uns sprechen.<\/p>\n<p>&nbsp;<\/p>\n<ul>\n<li><strong><u>November 2025<\/u><\/strong><\/li>\n<\/ul>\n<p>Zur voradventlichen Feier am\u00a0 laden wir recht herzlich in das Jugendheim in Vinnen ein. Der Radiomoderator Lars Cohrs wird uns auf den Advent einstimmen. Sein Motto lautet \u2013 \u201eOHA DU FR\u00d6HLICHE\u201c.<\/p>\n<p>&nbsp;<\/p>\n","protected":false},"excerpt":{"rendered":"<p>Jahresplan 2025 &nbsp; Februar 2025 Am Samstag, 22. Februar 2025, laden wir alle Mitglieder mit ihren Freundinnen ab 9:30 Uhr zu einem Fr\u00fchst\u00fcck in das Jugendheim in Vinnen ein. F\u00fcr <a class=\"more-link\" href=\"https:\/\/www.landfrauen-meppen.de\/holte-laehden\/jahresplan-2025\/\">Weiterlesen\u00a0\u2026<\/a><\/p>\n","protected":false},"author":9,"featured_media":0,"parent":0,"menu_order":0,"comment_status":"closed","ping_status":"closed","template":"","meta":{"footnotes":""},"class_list":["post-2041","page","type-page","status-publish","hentry"],"_links":{"self":[{"href":"https:\/\/www.landfrauen-meppen.de\/holte-laehden\/wp-json\/wp\/v2\/pages\/2041","targetHints":{"allow":["GET"]}}],"collection":[{"href":"https:\/\/www.landfrauen-meppen.de\/holte-laehden\/wp-json\/wp\/v2\/pages"}],"about":[{"href":"https:\/\/www.landfrauen-meppen.de\/holte-laehden\/wp-json\/wp\/v2\/types\/page"}],"author":[{"embeddable":true,"href":"https:\/\/www.landfrauen-meppen.de\/holte-laehden\/wp-json\/wp\/v2\/users\/9"}],"replies":[{"embeddable":true,"href":"https:\/\/www.landfrauen-meppen.de\/holte-laehden\/wp-json\/wp\/v2\/comments?post=2041"}],"version-history":[{"count":5,"href":"https:\/\/www.landfrauen-meppen.de\/holte-laehden\/wp-json\/wp\/v2\/pages\/2041\/revisions"}],"predecessor-version":[{"id":2047,"href":"https:\/\/www.landfrauen-meppen.de\/holte-laehden\/wp-json\/wp\/v2\/pages\/2041\/revisions\/2047"}],"wp:attachment":[{"href":"https:\/\/www.landfrauen-meppen.de\/holte-laehden\/wp-json\/wp\/v2\/media?parent=2041"}],"curies":[{"name":"wp","href":"https:\/\/api.w.org\/{rel}","templated":true}]}}