{"id":1627,"date":"2021-04-01T22:50:04","date_gmt":"2021-04-01T20:50:04","guid":{"rendered":"https:\/\/www.landfrauen-meppen.de\/holte-laehden\/?page_id=1627"},"modified":"2026-03-22T00:38:31","modified_gmt":"2026-03-21T23:38:31","slug":"1627-2","status":"publish","type":"page","link":"https:\/\/www.landfrauen-meppen.de\/holte-laehden\/","title":{"rendered":""},"content":{"rendered":"<p>&nbsp;<\/p>\n<p style=\"text-align: center\"><strong>Liebe Landfrauen, liebe Besucher<\/strong><\/p>\n<p>Wir laden zu unserer n\u00e4chsten Veranstaltung<strong> am Dienstag, 05. Mai 2026 <\/strong>um ab 11:00 Uhr\u00a0 ein.<\/p>\n<p>Wir fahren in Fahrgemeinschaften nach Lingen und besichtigen den Campus der Hochschule Osnabr\u00fcck. In den ehemaligen Lokhallen I und II, erbaut 1918 auf 11.000\u00a0qm\u00b2, studieren heute 2.200 Studenten\/innen. W\u00e4hrend der Campusf\u00fchrung erfahren wir interessante Details zur wechselhaften Geschichte dieses gr\u00f6\u00dften historischen Geb\u00e4udes der Stadt Lingen. Im Anschluss besteht die M\u00f6glichkeit zum Kaffee trinken in der Mensa der Hochschule. Der Nachmittag steht zum Besuch des \u201eP\u00f6ttemarktes\u201c in der Innenstadt zur freien Verf\u00fcgung.<\/p>\n<p>&nbsp;<\/p>\n<h1><a href=\"https:\/\/www.landfrauen-meppen.de\/holte-laehden\/aktuelles\/wuerfelband-lang\/\" rel=\"attachment wp-att-1012\"><img loading=\"lazy\" decoding=\"async\" class=\"alignnone size-full wp-image-1012 aligncenter\" src=\"https:\/\/www.landfrauen-meppen.de\/holte-laehden\/wp-content\/uploads\/sites\/9\/2020\/06\/W\u00fcrfelband-lang.jpg\" alt=\"\" width=\"842\" height=\"35\" data-temp-aztec-id=\"ac99b06c-8c37-42e8-83e1-408454c41adc\" srcset=\"https:\/\/www.landfrauen-meppen.de\/holte-laehden\/wp-content\/uploads\/sites\/9\/2020\/06\/W\u00fcrfelband-lang.jpg 842w, https:\/\/www.landfrauen-meppen.de\/holte-laehden\/wp-content\/uploads\/sites\/9\/2020\/06\/W\u00fcrfelband-lang-150x6.jpg 150w, https:\/\/www.landfrauen-meppen.de\/holte-laehden\/wp-content\/uploads\/sites\/9\/2020\/06\/W\u00fcrfelband-lang-300x12.jpg 300w, https:\/\/www.landfrauen-meppen.de\/holte-laehden\/wp-content\/uploads\/sites\/9\/2020\/06\/W\u00fcrfelband-lang-768x32.jpg 768w\" sizes=\"auto, (max-width: 842px) 100vw, 842px\" \/><\/a><\/h1>\n","protected":false},"excerpt":{"rendered":"<p>&nbsp; Liebe Landfrauen, liebe Besucher Wir laden zu unserer n\u00e4chsten Veranstaltung am Dienstag, 05. Mai 2026 um ab 11:00 Uhr\u00a0 ein. Wir fahren in Fahrgemeinschaften nach Lingen und besichtigen den <a class=\"more-link\" href=\"https:\/\/www.landfrauen-meppen.de\/holte-laehden\/\">Weiterlesen\u00a0\u2026<\/a><\/p>\n","protected":false},"author":9,"featured_media":0,"parent":0,"menu_order":1,"comment_status":"closed","ping_status":"closed","template":"","meta":{"footnotes":""},"class_list":["post-1627","page","type-page","status-publish","hentry"],"_links":{"self":[{"href":"https:\/\/www.landfrauen-meppen.de\/holte-laehden\/wp-json\/wp\/v2\/pages\/1627","targetHints":{"allow":["GET"]}}],"collection":[{"href":"https:\/\/www.landfrauen-meppen.de\/holte-laehden\/wp-json\/wp\/v2\/pages"}],"about":[{"href":"https:\/\/www.landfrauen-meppen.de\/holte-laehden\/wp-json\/wp\/v2\/types\/page"}],"author":[{"embeddable":true,"href":"https:\/\/www.landfrauen-meppen.de\/holte-laehden\/wp-json\/wp\/v2\/users\/9"}],"replies":[{"embeddable":true,"href":"https:\/\/www.landfrauen-meppen.de\/holte-laehden\/wp-json\/wp\/v2\/comments?post=1627"}],"version-history":[{"count":82,"href":"https:\/\/www.landfrauen-meppen.de\/holte-laehden\/wp-json\/wp\/v2\/pages\/1627\/revisions"}],"predecessor-version":[{"id":2167,"href":"https:\/\/www.landfrauen-meppen.de\/holte-laehden\/wp-json\/wp\/v2\/pages\/1627\/revisions\/2167"}],"wp:attachment":[{"href":"https:\/\/www.landfrauen-meppen.de\/holte-laehden\/wp-json\/wp\/v2\/media?parent=1627"}],"curies":[{"name":"wp","href":"https:\/\/api.w.org\/{rel}","templated":true}]}}