{"id":127,"date":"2017-02-28T16:00:20","date_gmt":"2017-02-28T15:00:20","guid":{"rendered":"http:\/\/www.landfrauen-meppen.de\/holte-laehden\/?page_id=127"},"modified":"2020-06-21T22:04:21","modified_gmt":"2020-06-21T20:04:21","slug":"links","status":"publish","type":"page","link":"https:\/\/www.landfrauen-meppen.de\/holte-laehden\/links\/","title":{"rendered":"Links"},"content":{"rendered":"<p><a href=\"https:\/\/www.landfrauen-meppen.de\/holte-laehden\/aktuelles\/wuerfelband-lang\/\" rel=\"attachment wp-att-1012\"><img loading=\"lazy\" decoding=\"async\" class=\"alignnone size-full wp-image-1012\" src=\"https:\/\/www.landfrauen-meppen.de\/holte-laehden\/wp-content\/uploads\/sites\/9\/2020\/06\/W\u00fcrfelband-lang.jpg\" alt=\"\" width=\"842\" height=\"35\" srcset=\"https:\/\/www.landfrauen-meppen.de\/holte-laehden\/wp-content\/uploads\/sites\/9\/2020\/06\/W\u00fcrfelband-lang.jpg 842w, https:\/\/www.landfrauen-meppen.de\/holte-laehden\/wp-content\/uploads\/sites\/9\/2020\/06\/W\u00fcrfelband-lang-150x6.jpg 150w, https:\/\/www.landfrauen-meppen.de\/holte-laehden\/wp-content\/uploads\/sites\/9\/2020\/06\/W\u00fcrfelband-lang-300x12.jpg 300w, https:\/\/www.landfrauen-meppen.de\/holte-laehden\/wp-content\/uploads\/sites\/9\/2020\/06\/W\u00fcrfelband-lang-768x32.jpg 768w\" sizes=\"auto, (max-width: 842px) 100vw, 842px\" \/><\/a><\/p>\n<p>Liebe LandFrauen, hier einige Links:<\/p>\n<p>Den Landfrauenverband in Oldenburg erreichen sie unter: <a href=\"http:\/\/landfrauenverband-weser-ems.de\/\">http:\/\/landfrauenverband-weser-ems.de\/<\/a><\/p>\n<p>Den Kreislandfrauenverein Meppen erreichen sie unter:<br \/>\n<a href=\"http:\/\/www.landfrauen-meppen.de\">www.landfrauen-meppen.de<\/a><\/p>\n<p>Kochen f\u00fcr und mit Landfrauen unter:<br \/>\n<a href=\"http:\/\/www.landgemachtes.de\/\"> www.landgemachtes.de<\/a><\/p>\n<p>Zeitschrift\u00a0 Land &amp; Forst unter:<br \/>\n<a href=\"http:\/\/www.landundforst.de\">www.landundforst.de<\/a><\/p>\n<p class=\"tiny_p\"><a href=\"https:\/\/www.kreislandfrauenverband-oldenburg.de\/\">Nieders\u00e4chsischer LandFrauenverband Weser-Ems e.V.<\/a><\/p>\n<p class=\"tiny_p\"><a title=\"https:\/\/landfrauenverband-weser-ems.de\/\" href=\"https:\/\/landfrauenverband-weser-ems.de\/\" target=\"_blank\" rel=\"noopener\">LandFrau online<\/a><\/p>\n<p class=\"tiny_p\"><u><a href=\"https:\/\/www.landfrauen.info\/\" target=\"_blank\" rel=\"noopener\">Deutscher<\/a><\/u><u><a href=\"https:\/\/www.landfrauen.info\/\" target=\"_blank\" rel=\"noopener\"> LandFrauenverband<\/a><\/u><\/p>\n<p class=\"tiny_p\"><a href=\"http:\/\/www.leb-niedersachsen.de\/index.cfm\">L\u00e4ndliche Erwachsenenbildung Niedersachsen<\/a><\/p>\n<p class=\"tiny_p\"><a href=\"http:\/\/www.dhw-nds.de\/\">Dorfhelferinnen-Werk<\/a><\/p>\n<p class=\"tiny_p\"><a href=\"http:\/\/www.lwk-niedersachsen.de\/\">LWK-Niedersachsen<\/a><\/p>\n<p class=\"tiny_p\"><a href=\"http:\/\/www.kreislandvolkverband-oldenburg.de\/\">Kreis-Land-Volk-Verband<\/a><\/p>\n<p>Haftung:<br \/>\nWir \u00fcbernehmen keine Gew\u00e4hr f\u00fcr den Inhalt der verlinkten Seiten, daf\u00fcr ist der Anbieter bzw. der Betreiber der Seiten verantwortlich.<br \/>\nBei Bekanntwerden\u00a0 von Rechtsverletzungen werden wir die betreffenden Links umgehend entfernen.<\/p>\n","protected":false},"excerpt":{"rendered":"<p>Liebe LandFrauen, hier einige Links: Den Landfrauenverband in Oldenburg erreichen sie unter: http:\/\/landfrauenverband-weser-ems.de\/ Den Kreislandfrauenverein Meppen erreichen sie unter: www.landfrauen-meppen.de Kochen f\u00fcr und mit Landfrauen unter: www.landgemachtes.de Zeitschrift\u00a0 Land &amp; <a class=\"more-link\" href=\"https:\/\/www.landfrauen-meppen.de\/holte-laehden\/links\/\">Weiterlesen\u00a0\u2026<\/a><\/p>\n","protected":false},"author":9,"featured_media":0,"parent":0,"menu_order":0,"comment_status":"closed","ping_status":"closed","template":"","meta":{"footnotes":""},"class_list":["post-127","page","type-page","status-publish","hentry"],"_links":{"self":[{"href":"https:\/\/www.landfrauen-meppen.de\/holte-laehden\/wp-json\/wp\/v2\/pages\/127","targetHints":{"allow":["GET"]}}],"collection":[{"href":"https:\/\/www.landfrauen-meppen.de\/holte-laehden\/wp-json\/wp\/v2\/pages"}],"about":[{"href":"https:\/\/www.landfrauen-meppen.de\/holte-laehden\/wp-json\/wp\/v2\/types\/page"}],"author":[{"embeddable":true,"href":"https:\/\/www.landfrauen-meppen.de\/holte-laehden\/wp-json\/wp\/v2\/users\/9"}],"replies":[{"embeddable":true,"href":"https:\/\/www.landfrauen-meppen.de\/holte-laehden\/wp-json\/wp\/v2\/comments?post=127"}],"version-history":[{"count":8,"href":"https:\/\/www.landfrauen-meppen.de\/holte-laehden\/wp-json\/wp\/v2\/pages\/127\/revisions"}],"predecessor-version":[{"id":1036,"href":"https:\/\/www.landfrauen-meppen.de\/holte-laehden\/wp-json\/wp\/v2\/pages\/127\/revisions\/1036"}],"wp:attachment":[{"href":"https:\/\/www.landfrauen-meppen.de\/holte-laehden\/wp-json\/wp\/v2\/media?parent=127"}],"curies":[{"name":"wp","href":"https:\/\/api.w.org\/{rel}","templated":true}]}}