{"id":911,"date":"2021-08-03T16:09:50","date_gmt":"2021-08-03T14:09:50","guid":{"rendered":"https:\/\/www.landfrauen-meppen.de\/haren\/?page_id=911"},"modified":"2021-08-03T16:09:50","modified_gmt":"2021-08-03T14:09:50","slug":"rezept-august-2021-erdbeer-spaghetti-torte","status":"publish","type":"page","link":"https:\/\/www.landfrauen-meppen.de\/haren\/rezept-des-monats-2\/rezept-august-2021-erdbeer-spaghetti-torte\/","title":{"rendered":"Rezept August 2021 (Erdbeer-Spaghetti-Torte)"},"content":{"rendered":"<h1><span style=\"color: #ff6600\"><strong>Erdbeer-Spaghetti-Torte<\/strong><\/span><\/h1>\n<table>\n<tbody>\n<tr>\n<td width=\"245\"><\/td>\n<td width=\"397\">Den Backofen auf 190\u00b0C Ober- und Unterhitze vorheizen.<\/td>\n<\/tr>\n<tr>\n<td width=\"245\"><\/td>\n<td width=\"397\"><strong>F\u00fcr den Biskuit<\/strong><\/td>\n<\/tr>\n<tr>\n<td width=\"245\">2 Eier<\/td>\n<td width=\"397\">mit<\/td>\n<\/tr>\n<tr>\n<td width=\"245\">60 g Zucker,<\/td>\n<td width=\"397\"><\/td>\n<\/tr>\n<tr>\n<td width=\"245\">1 EL Vanillezucker<\/td>\n<td width=\"397\">und<\/td>\n<\/tr>\n<tr>\n<td width=\"245\">1 Prise Salz<\/td>\n<td width=\"397\">wei\u00dfcremig r\u00fchren.<\/td>\n<\/tr>\n<tr>\n<td width=\"245\">60 g Mehl<\/td>\n<td width=\"397\">und<\/td>\n<\/tr>\n<tr>\n<td width=\"245\">1 TL Backpulver<\/td>\n<td width=\"397\">mischen, auf die Eimasse sieben und unterheben.<\/td>\n<\/tr>\n<tr>\n<td width=\"245\"><\/td>\n<td width=\"397\">Den Teig in eine mit Backpapier ausgelegte Springform f\u00fcllen und 15 Minuten im hei\u00dfen Backofen backen. Den Boden zun\u00e4chst 15 Minuten in der Form ausk\u00fchlen lassen, dann auf ein Kuchengitter st\u00fcrzen und vollkommen erkalten lassen.<\/td>\n<\/tr>\n<tr>\n<td width=\"245\"><\/td>\n<td width=\"397\"><strong>F\u00fcr den Belag<\/strong><\/td>\n<\/tr>\n<tr>\n<td width=\"245\">400 g frische Erdbeeren<\/td>\n<td width=\"397\">waschen und putzen. 250 g der Erdbeeren vierteln und auf dem Biskuit verteilen. Die restlichen Erdbeeren p\u00fcrieren, nach Geschmack zuckern.<\/td>\n<\/tr>\n<tr>\n<td width=\"245\">400 ml Sahne<\/td>\n<td width=\"397\">fast steif schlagen, dann<\/td>\n<\/tr>\n<tr>\n<td width=\"245\">1 P\u00e4ckchen Vanillepuddingpulver ohne Kochen<\/td>\n<td width=\"397\">zugeben.<\/td>\n<\/tr>\n<tr>\n<td width=\"245\">250 g Quark<\/td>\n<td width=\"397\">und<\/td>\n<\/tr>\n<tr>\n<td width=\"245\">2 EL Vanillezucker<\/td>\n<td width=\"397\">zuf\u00fcgen und unterheben.<\/td>\n<\/tr>\n<tr>\n<td width=\"245\"><\/td>\n<td width=\"397\">Die Creme in eine Kartoffelpresse geben, durchdr\u00fccken und auf dem Tortenboden von au\u00dfen nach innen verteilen.<\/td>\n<\/tr>\n<tr>\n<td width=\"245\"><\/td>\n<td width=\"397\">Die p\u00fcrierten Erdbeeren \u00fcber die \u201eSpaghetti\u201c gie\u00dfen.<\/td>\n<\/tr>\n<tr>\n<td width=\"245\">Mindestens 2 Riegel wei\u00dfe Schokolade<\/td>\n<td width=\"397\">raspeln und die Torte damit bestreuen.<\/td>\n<\/tr>\n<tr>\n<td colspan=\"2\" width=\"642\"><strong>Tipp:<\/strong>\u00a0 Die Torte l\u00e4sst sich auch mit gefrorenen Erdbeeren zubereiten.<br \/>\nWird das Rezept verdoppelt, reicht es f\u00fcr ein ganzes Blech.<\/td>\n<\/tr>\n<\/tbody>\n<\/table>\n<p><strong>\u00a0<\/strong><strong>Viel Spa\u00df beim Backen!<\/strong><\/p>\n","protected":false},"excerpt":{"rendered":"<p>Erdbeer-Spaghetti-Torte Den Backofen auf 190\u00b0C Ober- und Unterhitze vorheizen. F\u00fcr den Biskuit 2 Eier mit 60 g Zucker, 1 EL Vanillezucker und 1 Prise Salz wei\u00dfcremig r\u00fchren. 60 g Mehl und 1 TL Backpulver mischen, auf die Eimasse sieben und <a class=\"more-link\" href=\"https:\/\/www.landfrauen-meppen.de\/haren\/rezept-des-monats-2\/rezept-august-2021-erdbeer-spaghetti-torte\/\">Weiterlesen\u00a0\u2026<\/a><\/p>\n","protected":false},"author":6,"featured_media":0,"parent":150,"menu_order":0,"comment_status":"closed","ping_status":"closed","template":"","meta":{"footnotes":""},"class_list":["post-911","page","type-page","status-publish","hentry"],"_links":{"self":[{"href":"https:\/\/www.landfrauen-meppen.de\/haren\/wp-json\/wp\/v2\/pages\/911","targetHints":{"allow":["GET"]}}],"collection":[{"href":"https:\/\/www.landfrauen-meppen.de\/haren\/wp-json\/wp\/v2\/pages"}],"about":[{"href":"https:\/\/www.landfrauen-meppen.de\/haren\/wp-json\/wp\/v2\/types\/page"}],"author":[{"embeddable":true,"href":"https:\/\/www.landfrauen-meppen.de\/haren\/wp-json\/wp\/v2\/users\/6"}],"replies":[{"embeddable":true,"href":"https:\/\/www.landfrauen-meppen.de\/haren\/wp-json\/wp\/v2\/comments?post=911"}],"version-history":[{"count":4,"href":"https:\/\/www.landfrauen-meppen.de\/haren\/wp-json\/wp\/v2\/pages\/911\/revisions"}],"predecessor-version":[{"id":915,"href":"https:\/\/www.landfrauen-meppen.de\/haren\/wp-json\/wp\/v2\/pages\/911\/revisions\/915"}],"up":[{"embeddable":true,"href":"https:\/\/www.landfrauen-meppen.de\/haren\/wp-json\/wp\/v2\/pages\/150"}],"wp:attachment":[{"href":"https:\/\/www.landfrauen-meppen.de\/haren\/wp-json\/wp\/v2\/media?parent=911"}],"curies":[{"name":"wp","href":"https:\/\/api.w.org\/{rel}","templated":true}]}}