{"id":509,"date":"2019-05-02T15:24:56","date_gmt":"2019-05-02T13:24:56","guid":{"rendered":"https:\/\/www.landfrauen-meppen.de\/haren\/?page_id=509"},"modified":"2026-02-24T22:00:23","modified_gmt":"2026-02-24T21:00:23","slug":"fruehstueck-mit-freundinnen","status":"publish","type":"page","link":"https:\/\/www.landfrauen-meppen.de\/haren\/galerie\/fruehstueck-mit-freundinnen\/","title":{"rendered":"Fr\u00fchst\u00fcck mit Freundinnen"},"content":{"rendered":"<p>Am 02.04.2019 durften alle Landfrauen ihre Freundinnen einladen und mit ihnen ein tolles <strong>Fr\u00fchst\u00fccksbuffet<\/strong> genie\u00dfen.<br \/>\nNebenbei informierte <strong>&#8222;B\u00e4rlauchbauer&#8220; Herr Kaiser<\/strong> \u00fcber die Herkunft und Verwendung des<strong> B\u00e4rlauchs<\/strong>.<\/p>\n<figure id=\"attachment_517\" aria-describedby=\"caption-attachment-517\" style=\"width: 525px\" class=\"wp-caption aligncenter\"><img loading=\"lazy\" decoding=\"async\" class=\"size-large wp-image-517\" src=\"https:\/\/www.landfrauen-meppen.de\/haren\/wp-content\/uploads\/sites\/6\/2019\/05\/IMG-20190423-WA0008-768x1024.jpg\" alt=\"\" width=\"525\" height=\"700\" srcset=\"https:\/\/www.landfrauen-meppen.de\/haren\/wp-content\/uploads\/sites\/6\/2019\/05\/IMG-20190423-WA0008-768x1024.jpg 768w, https:\/\/www.landfrauen-meppen.de\/haren\/wp-content\/uploads\/sites\/6\/2019\/05\/IMG-20190423-WA0008-225x300.jpg 225w, https:\/\/www.landfrauen-meppen.de\/haren\/wp-content\/uploads\/sites\/6\/2019\/05\/IMG-20190423-WA0008.jpg 1200w\" sizes=\"auto, (max-width: 525px) 100vw, 525px\" \/><figcaption id=\"caption-attachment-517\" class=\"wp-caption-text\">Das Fr\u00fchst\u00fccksbuffet mit Dips und Snacks mit B\u00e4rlauch<\/figcaption><\/figure>\n<p>&nbsp;<\/p>\n<figure id=\"attachment_521\" aria-describedby=\"caption-attachment-521\" style=\"width: 1416px\" class=\"wp-caption aligncenter\"><img loading=\"lazy\" decoding=\"async\" class=\"size-full wp-image-521\" src=\"https:\/\/www.landfrauen-meppen.de\/haren\/wp-content\/uploads\/sites\/6\/2019\/05\/IMG-20190423-WA0013.jpg\" alt=\"\" width=\"1416\" height=\"688\" \/><figcaption id=\"caption-attachment-521\" class=\"wp-caption-text\">Das Fr\u00fchst\u00fccksbuffet mit Dips und Snacks mit B\u00e4rlauch<\/figcaption><\/figure>\n<p>&nbsp;<\/p>\n<figure id=\"attachment_519\" aria-describedby=\"caption-attachment-519\" style=\"width: 525px\" class=\"wp-caption aligncenter\"><img loading=\"lazy\" decoding=\"async\" class=\"size-large wp-image-519\" src=\"https:\/\/www.landfrauen-meppen.de\/haren\/wp-content\/uploads\/sites\/6\/2019\/05\/IMG-20190423-WA0011-768x1024.jpg\" alt=\"\" width=\"525\" height=\"700\" srcset=\"https:\/\/www.landfrauen-meppen.de\/haren\/wp-content\/uploads\/sites\/6\/2019\/05\/IMG-20190423-WA0011-768x1024.jpg 768w, https:\/\/www.landfrauen-meppen.de\/haren\/wp-content\/uploads\/sites\/6\/2019\/05\/IMG-20190423-WA0011-225x300.jpg 225w, https:\/\/www.landfrauen-meppen.de\/haren\/wp-content\/uploads\/sites\/6\/2019\/05\/IMG-20190423-WA0011.jpg 1200w\" sizes=\"auto, (max-width: 525px) 100vw, 525px\" \/><figcaption id=\"caption-attachment-519\" class=\"wp-caption-text\">Der &#8222;B\u00e4rlauchbauer&#8220; Herr Kaiser<\/figcaption><\/figure>\n<figure id=\"attachment_525\" aria-describedby=\"caption-attachment-525\" style=\"width: 949px\" class=\"wp-caption alignleft\"><img loading=\"lazy\" decoding=\"async\" class=\"size-full wp-image-525\" src=\"https:\/\/www.landfrauen-meppen.de\/haren\/wp-content\/uploads\/sites\/6\/2019\/05\/IMG-20190423-WA0012bearbeitet.jpg\" alt=\"\" width=\"949\" height=\"686\" srcset=\"https:\/\/www.landfrauen-meppen.de\/haren\/wp-content\/uploads\/sites\/6\/2019\/05\/IMG-20190423-WA0012bearbeitet.jpg 949w, https:\/\/www.landfrauen-meppen.de\/haren\/wp-content\/uploads\/sites\/6\/2019\/05\/IMG-20190423-WA0012bearbeitet-300x217.jpg 300w, https:\/\/www.landfrauen-meppen.de\/haren\/wp-content\/uploads\/sites\/6\/2019\/05\/IMG-20190423-WA0012bearbeitet-768x555.jpg 768w\" sizes=\"auto, (max-width: 949px) 100vw, 949px\" \/><figcaption id=\"caption-attachment-525\" class=\"wp-caption-text\">Der &#8222;B\u00e4rlauchbauer&#8220; Herr Kaiser und die Mitglieder des Vorstands<\/figcaption><\/figure>\n<p>&nbsp;<\/p>\n<figure id=\"attachment_518\" aria-describedby=\"caption-attachment-518\" style=\"width: 525px\" class=\"wp-caption aligncenter\"><img loading=\"lazy\" decoding=\"async\" class=\"size-large wp-image-518\" src=\"https:\/\/www.landfrauen-meppen.de\/haren\/wp-content\/uploads\/sites\/6\/2019\/05\/IMG-20190423-WA0010-768x1024.jpg\" alt=\"\" width=\"525\" height=\"700\" srcset=\"https:\/\/www.landfrauen-meppen.de\/haren\/wp-content\/uploads\/sites\/6\/2019\/05\/IMG-20190423-WA0010-768x1024.jpg 768w, https:\/\/www.landfrauen-meppen.de\/haren\/wp-content\/uploads\/sites\/6\/2019\/05\/IMG-20190423-WA0010-225x300.jpg 225w, https:\/\/www.landfrauen-meppen.de\/haren\/wp-content\/uploads\/sites\/6\/2019\/05\/IMG-20190423-WA0010.jpg 1200w\" sizes=\"auto, (max-width: 525px) 100vw, 525px\" \/><figcaption id=\"caption-attachment-518\" class=\"wp-caption-text\">&#8222;Ran ans Buffet!&#8220;<\/figcaption><\/figure>\n","protected":false},"excerpt":{"rendered":"<p>Am 02.04.2019 durften alle Landfrauen ihre Freundinnen einladen und mit ihnen ein tolles Fr\u00fchst\u00fccksbuffet genie\u00dfen. Nebenbei informierte &#8222;B\u00e4rlauchbauer&#8220; Herr Kaiser \u00fcber die Herkunft und Verwendung des B\u00e4rlauchs. &nbsp; &nbsp; &nbsp;<\/p>\n","protected":false},"author":6,"featured_media":0,"parent":334,"menu_order":0,"comment_status":"closed","ping_status":"closed","template":"","meta":{"footnotes":""},"class_list":["post-509","page","type-page","status-publish","hentry"],"_links":{"self":[{"href":"https:\/\/www.landfrauen-meppen.de\/haren\/wp-json\/wp\/v2\/pages\/509","targetHints":{"allow":["GET"]}}],"collection":[{"href":"https:\/\/www.landfrauen-meppen.de\/haren\/wp-json\/wp\/v2\/pages"}],"about":[{"href":"https:\/\/www.landfrauen-meppen.de\/haren\/wp-json\/wp\/v2\/types\/page"}],"author":[{"embeddable":true,"href":"https:\/\/www.landfrauen-meppen.de\/haren\/wp-json\/wp\/v2\/users\/6"}],"replies":[{"embeddable":true,"href":"https:\/\/www.landfrauen-meppen.de\/haren\/wp-json\/wp\/v2\/comments?post=509"}],"version-history":[{"count":12,"href":"https:\/\/www.landfrauen-meppen.de\/haren\/wp-json\/wp\/v2\/pages\/509\/revisions"}],"predecessor-version":[{"id":1797,"href":"https:\/\/www.landfrauen-meppen.de\/haren\/wp-json\/wp\/v2\/pages\/509\/revisions\/1797"}],"up":[{"embeddable":true,"href":"https:\/\/www.landfrauen-meppen.de\/haren\/wp-json\/wp\/v2\/pages\/334"}],"wp:attachment":[{"href":"https:\/\/www.landfrauen-meppen.de\/haren\/wp-json\/wp\/v2\/media?parent=509"}],"curies":[{"name":"wp","href":"https:\/\/api.w.org\/{rel}","templated":true}]}}

Frühstück mit Freundinnen

<p>Am 02.04.2019 durften alle Landfrauen ihre Freundinnen einladen und mit ihnen ein tolles <strong>Frühstücksbuffet</strong> genießen.<br />
Nebenbei informierte <strong>&#8222;Bärlauchbauer&#8220; Herr Kaiser</strong> über die Herkunft und Verwendung des<strong> Bärlauchs</strong>.</p>
<figure id="attachment_517" aria-describedby="caption-attachment-517" style="width: 525px" class="wp-caption aligncenter"><img loading="lazy" decoding="async" class="size-large wp-image-517" src="https://www.landfrauen-meppen.de/haren/wp-content/uploads/sites/6/2019/05/IMG-20190423-WA0008-768x1024.jpg" alt="" width="525" height="700" srcset="https://www.landfrauen-meppen.de/haren/wp-content/uploads/sites/6/2019/05/IMG-20190423-WA0008-768x1024.jpg 768w, https://www.landfrauen-meppen.de/haren/wp-content/uploads/sites/6/2019/05/IMG-20190423-WA0008-225x300.jpg 225w, https://www.landfrauen-meppen.de/haren/wp-content/uploads/sites/6/2019/05/IMG-20190423-WA0008.jpg 1200w" sizes="auto, (max-width: 525px) 100vw, 525px" /><figcaption id="caption-attachment-517" class="wp-caption-text">Das Frühstücksbuffet mit Dips und Snacks mit Bärlauch</figcaption></figure>
<p>&nbsp;</p>
<figure id="attachment_521" aria-describedby="caption-attachment-521" style="width: 1416px" class="wp-caption aligncenter"><img loading="lazy" decoding="async" class="size-full wp-image-521" src="https://www.landfrauen-meppen.de/haren/wp-content/uploads/sites/6/2019/05/IMG-20190423-WA0013.jpg" alt="" width="1416" height="688" /><figcaption id="caption-attachment-521" class="wp-caption-text">Das Frühstücksbuffet mit Dips und Snacks mit Bärlauch</figcaption></figure>
<p>&nbsp;</p>
<figure id="attachment_519" aria-describedby="caption-attachment-519" style="width: 525px" class="wp-caption aligncenter"><img loading="lazy" decoding="async" class="size-large wp-image-519" src="https://www.landfrauen-meppen.de/haren/wp-content/uploads/sites/6/2019/05/IMG-20190423-WA0011-768x1024.jpg" alt="" width="525" height="700" srcset="https://www.landfrauen-meppen.de/haren/wp-content/uploads/sites/6/2019/05/IMG-20190423-WA0011-768x1024.jpg 768w, https://www.landfrauen-meppen.de/haren/wp-content/uploads/sites/6/2019/05/IMG-20190423-WA0011-225x300.jpg 225w, https://www.landfrauen-meppen.de/haren/wp-content/uploads/sites/6/2019/05/IMG-20190423-WA0011.jpg 1200w" sizes="auto, (max-width: 525px) 100vw, 525px" /><figcaption id="caption-attachment-519" class="wp-caption-text">Der &#8222;Bärlauchbauer&#8220; Herr Kaiser</figcaption></figure>
<figure id="attachment_525" aria-describedby="caption-attachment-525" style="width: 949px" class="wp-caption alignleft"><img loading="lazy" decoding="async" class="size-full wp-image-525" src="https://www.landfrauen-meppen.de/haren/wp-content/uploads/sites/6/2019/05/IMG-20190423-WA0012bearbeitet.jpg" alt="" width="949" height="686" srcset="https://www.landfrauen-meppen.de/haren/wp-content/uploads/sites/6/2019/05/IMG-20190423-WA0012bearbeitet.jpg 949w, https://www.landfrauen-meppen.de/haren/wp-content/uploads/sites/6/2019/05/IMG-20190423-WA0012bearbeitet-300x217.jpg 300w, https://www.landfrauen-meppen.de/haren/wp-content/uploads/sites/6/2019/05/IMG-20190423-WA0012bearbeitet-768x555.jpg 768w" sizes="auto, (max-width: 949px) 100vw, 949px" /><figcaption id="caption-attachment-525" class="wp-caption-text">Der &#8222;Bärlauchbauer&#8220; Herr Kaiser und die Mitglieder des Vorstands</figcaption></figure>
<p>&nbsp;</p>
<figure id="attachment_518" aria-describedby="caption-attachment-518" style="width: 525px" class="wp-caption aligncenter"><img loading="lazy" decoding="async" class="size-large wp-image-518" src="https://www.landfrauen-meppen.de/haren/wp-content/uploads/sites/6/2019/05/IMG-20190423-WA0010-768x1024.jpg" alt="" width="525" height="700" srcset="https://www.landfrauen-meppen.de/haren/wp-content/uploads/sites/6/2019/05/IMG-20190423-WA0010-768x1024.jpg 768w, https://www.landfrauen-meppen.de/haren/wp-content/uploads/sites/6/2019/05/IMG-20190423-WA0010-225x300.jpg 225w, https://www.landfrauen-meppen.de/haren/wp-content/uploads/sites/6/2019/05/IMG-20190423-WA0010.jpg 1200w" sizes="auto, (max-width: 525px) 100vw, 525px" /><figcaption id="caption-attachment-518" class="wp-caption-text">&#8222;Ran ans Buffet!&#8220;</figcaption></figure>

<p>Am 02.04.2019 durften alle Landfrauen ihre Freundinnen einladen und mit ihnen ein tolles Frühstücksbuffet genießen. Nebenbei informierte &#8222;Bärlauchbauer&#8220; Herr Kaiser über die Herkunft und Verwendung des Bärlauchs. &nbsp; &nbsp; &nbsp;</p>
