{"id":31,"date":"2017-02-13T11:25:52","date_gmt":"2017-02-13T10:25:52","guid":{"rendered":"http:\/\/www.landfrauen-meppen.de\/haren\/?page_id=31"},"modified":"2024-01-26T11:17:35","modified_gmt":"2024-01-26T10:17:35","slug":"wir-ueber-uns","status":"publish","type":"page","link":"https:\/\/www.landfrauen-meppen.de\/haren\/wir-ueber-uns\/","title":{"rendered":"Wir \u00fcber uns"},"content":{"rendered":"<p><span style=\"font-family: 'Arial','sans-serif'\"><span style=\"color: #000000\">Vortr\u00e4ge, Fahrten und praktische Veranstaltungen pr\u00e4gen das Bild unseres LandFrauenvereins. Was seinen Ursprung vor 70 Jahren in der Mitgliedschaft von B\u00e4uerinnen fand, ist heute zu einem Verein f\u00fcr Frauen aus Stadt und Land gewachsen. Jede Frau, die Lust auf interessante Themenvortr\u00e4ge \u00fcber Gesundheit, Rechts- und Sozialfragen, Garten, Hauswirtschaft und vieles andere mehr hat, kann sich gerne bei den Landfrauen melden. Im Sommer l\u00e4dt der Verein zur Fahrradtour und zu Tages- oder Mehrtagesfahrten ein. Die Veranstaltungsreihen beginnen im Oktober und enden im M\u00e4rz.<\/span><\/span><\/p>\n<p><span style=\"font-family: 'Arial','sans-serif'\"><span style=\"color: #000000\">Wer einfach mal reinschnuppern m\u00f6chte, kann gerne eine Saison unverbindlich testen.<\/span><\/span><\/p>\n<p><span style=\"font-family: 'Arial','sans-serif'\"><span style=\"color: #000000\">Das Einzugsgebiet des <\/span><strong><span style=\"color: #ff6600\">LandFrauenvereins Haren<\/span> <\/strong><span style=\"color: #000000\">umfasst die <\/span><strong><span style=\"color: #ff9900\">Stadt Haren<\/span> <\/strong><span style=\"color: #000000\">mit <\/span><span style=\"color: #ff9900\"><strong>Altharen<\/strong><\/span><span style=\"color: #000000\"> sowie die Ortschaften <\/span><span style=\"color: #ff9900\"><strong>Emmeln<\/strong><\/span><span style=\"color: #000000\">, <\/span><span style=\"color: #ff9900\"><strong>Tinnen<\/strong><\/span><span style=\"color: #000000\">, <\/span><span style=\"color: #ff9900\"><strong>Raken<\/strong><\/span><span style=\"color: #000000\">, <\/span><span style=\"color: #ff9900\"><strong>Emen<\/strong><\/span><span style=\"color: #000000\">, <\/span><span style=\"color: #ff9900\"><strong>Landegge<\/strong><\/span><span style=\"color: #000000\">, <\/span><strong><span style=\"color: #ff9900\">Erika<\/span><\/strong>, <strong><span style=\"color: #ff9900\">R\u00fctenbrock<\/span><\/strong><span style=\"color: #ff9900\"><span style=\"color: #000000\">,<\/span><\/span><strong><span style=\"color: #ff9900\"> Altenberge<\/span><\/strong>,<strong><span style=\"color: #ff9900\"> Husberg<\/span><\/strong><span style=\"color: #000000\">, <\/span><span style=\"color: #ff9900\"><strong>Pool<\/strong><\/span><span style=\"color: #000000\">, <\/span><span style=\"color: #ff9900\"><strong>Dankern<\/strong><\/span><span style=\"color: #000000\">,\u00a0<\/span><span style=\"color: #ff9900\"><strong>Haar<\/strong><\/span><span style=\"color: #000000\">, <\/span><span style=\"color: #ff9900\"><strong>Langenberg<\/strong><\/span><span style=\"color: #000000\">, <\/span><span style=\"color: #ff9900\"><strong>Segberg<\/strong><\/span><span style=\"color: #000000\">, <\/span><span style=\"color: #ff9900\"><strong>Hebel<\/strong><\/span><span style=\"color: #000000\">, <\/span><span style=\"color: #ff9900\"><strong>D\u00fcne<\/strong><\/span> <span style=\"color: #000000\">und <\/span><span style=\"color: #ff9900\"><strong>Wesuwe<\/strong><\/span><span style=\"color: #000000\">.<\/span><\/span><\/p>\n<p><span style=\"font-family: 'Arial','sans-serif'\"><span style=\"color: #000000\">Auf Ihr Kommen freut sich der LandFrauenvorstand Haren (Wer sich ein Bild vom Vorstand machen m\u00f6chte, kann die Rubrik <\/span><span style=\"color: #3366ff\"><a style=\"color: #3366ff\" href=\"https:\/\/www.landfrauen-meppen.de\/haren\/unser-vorstand-3\/\">&#8222;Unser Vorstand&#8220;<\/a><\/span><span style=\"color: #000000\">\u00a0anklicken).<\/span><\/span><\/p>\n<p><span style=\"font-family: 'Arial','sans-serif'\"><span style=\"color: #000000\">Ansprechpartnerinnen f\u00fcr Anmeldungen oder weitere Informationen sind unter der Rubrik <span style=\"color: #3366ff\"><a style=\"color: #3366ff\" href=\"https:\/\/www.landfrauen-meppen.de\/haren\/kontakte-3\/\">&#8222;Kontakte&#8220;<\/a> <\/span><\/span><span style=\"color: #000000\">aufgef\u00fchrt.<\/span><\/span><\/p>\n<p>&nbsp;<\/p>\n","protected":false},"excerpt":{"rendered":"<p>Vortr\u00e4ge, Fahrten und praktische Veranstaltungen pr\u00e4gen das Bild unseres LandFrauenvereins. Was seinen Ursprung vor 70 Jahren in der Mitgliedschaft von B\u00e4uerinnen fand, ist heute zu einem Verein f\u00fcr Frauen aus Stadt und Land gewachsen. Jede Frau, die Lust auf interessante <a class=\"more-link\" href=\"https:\/\/www.landfrauen-meppen.de\/haren\/wir-ueber-uns\/\">Weiterlesen\u00a0\u2026<\/a><\/p>\n","protected":false},"author":6,"featured_media":0,"parent":0,"menu_order":0,"comment_status":"closed","ping_status":"closed","template":"","meta":{"footnotes":""},"class_list":["post-31","page","type-page","status-publish","hentry"],"_links":{"self":[{"href":"https:\/\/www.landfrauen-meppen.de\/haren\/wp-json\/wp\/v2\/pages\/31","targetHints":{"allow":["GET"]}}],"collection":[{"href":"https:\/\/www.landfrauen-meppen.de\/haren\/wp-json\/wp\/v2\/pages"}],"about":[{"href":"https:\/\/www.landfrauen-meppen.de\/haren\/wp-json\/wp\/v2\/types\/page"}],"author":[{"embeddable":true,"href":"https:\/\/www.landfrauen-meppen.de\/haren\/wp-json\/wp\/v2\/users\/6"}],"replies":[{"embeddable":true,"href":"https:\/\/www.landfrauen-meppen.de\/haren\/wp-json\/wp\/v2\/comments?post=31"}],"version-history":[{"count":15,"href":"https:\/\/www.landfrauen-meppen.de\/haren\/wp-json\/wp\/v2\/pages\/31\/revisions"}],"predecessor-version":[{"id":1400,"href":"https:\/\/www.landfrauen-meppen.de\/haren\/wp-json\/wp\/v2\/pages\/31\/revisions\/1400"}],"wp:attachment":[{"href":"https:\/\/www.landfrauen-meppen.de\/haren\/wp-json\/wp\/v2\/media?parent=31"}],"curies":[{"name":"wp","href":"https:\/\/api.w.org\/{rel}","templated":true}]}}

Wir über uns

<p><span style="font-family: 'Arial','sans-serif'"><span style="color: #000000">Vorträge, Fahrten und praktische Veranstaltungen prägen das Bild unseres LandFrauenvereins. Was seinen Ursprung vor 70 Jahren in der Mitgliedschaft von Bäuerinnen fand, ist heute zu einem Verein für Frauen aus Stadt und Land gewachsen. Jede Frau, die Lust auf interessante Themenvorträge über Gesundheit, Rechts- und Sozialfragen, Garten, Hauswirtschaft und vieles andere mehr hat, kann sich gerne bei den Landfrauen melden. Im Sommer lädt der Verein zur Fahrradtour und zu Tages- oder Mehrtagesfahrten ein. Die Veranstaltungsreihen beginnen im Oktober und enden im März.</span></span></p>
<p><span style="font-family: 'Arial','sans-serif'"><span style="color: #000000">Wer einfach mal reinschnuppern möchte, kann gerne eine Saison unverbindlich testen.</span></span></p>
<p><span style="font-family: 'Arial','sans-serif'"><span style="color: #000000">Das Einzugsgebiet des </span><strong><span style="color: #ff6600">LandFrauenvereins Haren</span> </strong><span style="color: #000000">umfasst die </span><strong><span style="color: #ff9900">Stadt Haren</span> </strong><span style="color: #000000">mit </span><span style="color: #ff9900"><strong>Altharen</strong></span><span style="color: #000000"> sowie die Ortschaften </span><span style="color: #ff9900"><strong>Emmeln</strong></span><span style="color: #000000">, </span><span style="color: #ff9900"><strong>Tinnen</strong></span><span style="color: #000000">, </span><span style="color: #ff9900"><strong>Raken</strong></span><span style="color: #000000">, </span><span style="color: #ff9900"><strong>Emen</strong></span><span style="color: #000000">, </span><span style="color: #ff9900"><strong>Landegge</strong></span><span style="color: #000000">, </span><strong><span style="color: #ff9900">Erika</span></strong>, <strong><span style="color: #ff9900">Rütenbrock</span></strong><span style="color: #ff9900"><span style="color: #000000">,</span></span><strong><span style="color: #ff9900"> Altenberge</span></strong>,<strong><span style="color: #ff9900"> Husberg</span></strong><span style="color: #000000">, </span><span style="color: #ff9900"><strong>Pool</strong></span><span style="color: #000000">, </span><span style="color: #ff9900"><strong>Dankern</strong></span><span style="color: #000000">, </span><span style="color: #ff9900"><strong>Haar</strong></span><span style="color: #000000">, </span><span style="color: #ff9900"><strong>Langenberg</strong></span><span style="color: #000000">, </span><span style="color: #ff9900"><strong>Segberg</strong></span><span style="color: #000000">, </span><span style="color: #ff9900"><strong>Hebel</strong></span><span style="color: #000000">, </span><span style="color: #ff9900"><strong>Düne</strong></span> <span style="color: #000000">und </span><span style="color: #ff9900"><strong>Wesuwe</strong></span><span style="color: #000000">.</span></span></p>
<p><span style="font-family: 'Arial','sans-serif'"><span style="color: #000000">Auf Ihr Kommen freut sich der LandFrauenvorstand Haren (Wer sich ein Bild vom Vorstand machen möchte, kann die Rubrik </span><span style="color: #3366ff"><a style="color: #3366ff" href="https://www.landfrauen-meppen.de/haren/unser-vorstand-3/">&#8222;Unser Vorstand&#8220;</a></span><span style="color: #000000"> anklicken).</span></span></p>
<p><span style="font-family: 'Arial','sans-serif'"><span style="color: #000000">Ansprechpartnerinnen für Anmeldungen oder weitere Informationen sind unter der Rubrik <span style="color: #3366ff"><a style="color: #3366ff" href="https://www.landfrauen-meppen.de/haren/kontakte-3/">&#8222;Kontakte&#8220;</a> </span></span><span style="color: #000000">aufgeführt.</span></span></p>
<p>&nbsp;</p>

<p>Vorträge, Fahrten und praktische Veranstaltungen prägen das Bild unseres LandFrauenvereins. Was seinen Ursprung vor 70 Jahren in der Mitgliedschaft von Bäuerinnen fand, ist heute zu einem Verein für Frauen aus Stadt und Land gewachsen. Jede Frau, die Lust auf interessante <a class="more-link" href="https://www.landfrauen-meppen.de/haren/wir-ueber-uns/">Weiterlesen …</a></p>
