{"id":1846,"date":"2026-05-02T16:34:41","date_gmt":"2026-05-02T14:34:41","guid":{"rendered":"https:\/\/www.landfrauen-meppen.de\/haren\/?page_id=1846"},"modified":"2026-05-02T16:34:41","modified_gmt":"2026-05-02T14:34:41","slug":"rezept-mai-2026-kartoffel-hack-auflauf-mit-speckkruste","status":"publish","type":"page","link":"https:\/\/www.landfrauen-meppen.de\/haren\/rezept-des-monats-2\/rezept-mai-2026-kartoffel-hack-auflauf-mit-speckkruste\/","title":{"rendered":"Rezept Mai 2026 (Kartoffel-Hack-Auflauf mit Speckkruste)"},"content":{"rendered":"<h1><\/h1>\n<table width=\"642\">\n<tbody>\n<tr>\n<td width=\"245\">2 gro\u00dfe Zwiebeln<\/td>\n<td width=\"397\">sch\u00e4len und grob raspeln.<br \/>\nEin Drittel der Zwiebeln,<\/td>\n<\/tr>\n<tr>\n<td width=\"245\">400 g gemischtes Hackfleisch,<\/td>\n<td width=\"397\"><\/td>\n<\/tr>\n<tr>\n<td width=\"245\">1 EL Tomatenmark,<\/td>\n<td width=\"397\"><\/td>\n<\/tr>\n<tr>\n<td width=\"245\">Salz<\/td>\n<td width=\"397\">und<\/td>\n<\/tr>\n<tr>\n<td width=\"245\">Pfeffer<\/td>\n<td width=\"397\">verkneten.<\/td>\n<\/tr>\n<tr>\n<td width=\"245\">ca. 200 g d\u00fcnne Fr\u00fchst\u00fccksspeckscheiben (Bacon)<\/td>\n<td width=\"397\">dicht an dicht von innen nach au\u00dfen \u00fcber den Rand einer Auflaufform (ca. 30 cm lang) legen, so dass 3 &#8211; 4 cm \u00fcber den Rand h\u00e4ngen.<\/td>\n<\/tr>\n<tr>\n<td width=\"245\">750 g Kartoffeln<\/td>\n<td width=\"397\">sch\u00e4len, waschen und grob raspeln. Die Kartoffeln gut ausdr\u00fccken. Die \u00fcbrigen Zwiebeln und<\/td>\n<\/tr>\n<tr>\n<td width=\"245\">ca. 2 EL Mehl<\/td>\n<td width=\"397\">darunter kneten. Mit<\/td>\n<\/tr>\n<tr>\n<td width=\"245\">Salz<\/td>\n<td width=\"397\">und<\/td>\n<\/tr>\n<tr>\n<td width=\"245\">Pfeffer<\/td>\n<td width=\"397\">w\u00fcrzen.<\/td>\n<\/tr>\n<tr>\n<td width=\"245\"><\/td>\n<td width=\"397\">Die H\u00e4lfte der Kartoffelmasse in der Auflaufform verteilen.<\/td>\n<\/tr>\n<tr>\n<td width=\"245\">6 Scheiben Raclette-K\u00e4se (100 &#8211; 150 g)<\/td>\n<td width=\"397\">entrinden. 4 Scheiben auf die Kartoffelmasse legen.<\/td>\n<\/tr>\n<tr>\n<td width=\"245\"><\/td>\n<td width=\"397\">Die Hackmasse darauf verteilen und leicht andr\u00fccken.<br \/>\nDen Rest der Kartoffelmasse darauf geben.<br \/>\nNun die \u00fcberstehenden Speckscheiben dar\u00fcber klappen.<br \/>\nDie \u00fcbrigen K\u00e4sescheiben in Streifen schneiden und dar\u00fcber streuen.<\/td>\n<\/tr>\n<tr>\n<td width=\"245\"><\/td>\n<td width=\"397\">Den Auflauf im vorgeheizten Ofen (E-Herd 200\u00b0C \/ Umluft 175\u00b0C \/ Gas Stufe 3) 40 &#8211; 50 Minuten goldbraun \u00fcberbacken. Mit<\/td>\n<\/tr>\n<tr>\n<td width=\"245\">Majoran<\/td>\n<td width=\"397\">garnieren.<\/td>\n<\/tr>\n<tr>\n<td width=\"245\"><\/td>\n<td width=\"397\"><\/td>\n<\/tr>\n<tr>\n<td colspan=\"2\" width=\"642\">Dazu schmeckt ein gr\u00fcner Salat.<\/td>\n<\/tr>\n<\/tbody>\n<\/table>\n<p><strong>Guten Appetit!<\/strong><\/p>\n","protected":false},"excerpt":{"rendered":"<p>2 gro\u00dfe Zwiebeln sch\u00e4len und grob raspeln. Ein Drittel der Zwiebeln, 400 g gemischtes Hackfleisch, 1 EL Tomatenmark, Salz und Pfeffer verkneten. ca. 200 g d\u00fcnne Fr\u00fchst\u00fccksspeckscheiben (Bacon) dicht an dicht von innen nach au\u00dfen \u00fcber den Rand einer Auflaufform <a class=\"more-link\" href=\"https:\/\/www.landfrauen-meppen.de\/haren\/rezept-des-monats-2\/rezept-mai-2026-kartoffel-hack-auflauf-mit-speckkruste\/\">Weiterlesen\u00a0\u2026<\/a><\/p>\n","protected":false},"author":6,"featured_media":0,"parent":150,"menu_order":0,"comment_status":"closed","ping_status":"closed","template":"","meta":{"footnotes":""},"class_list":["post-1846","page","type-page","status-publish","hentry"],"_links":{"self":[{"href":"https:\/\/www.landfrauen-meppen.de\/haren\/wp-json\/wp\/v2\/pages\/1846","targetHints":{"allow":["GET"]}}],"collection":[{"href":"https:\/\/www.landfrauen-meppen.de\/haren\/wp-json\/wp\/v2\/pages"}],"about":[{"href":"https:\/\/www.landfrauen-meppen.de\/haren\/wp-json\/wp\/v2\/types\/page"}],"author":[{"embeddable":true,"href":"https:\/\/www.landfrauen-meppen.de\/haren\/wp-json\/wp\/v2\/users\/6"}],"replies":[{"embeddable":true,"href":"https:\/\/www.landfrauen-meppen.de\/haren\/wp-json\/wp\/v2\/comments?post=1846"}],"version-history":[{"count":3,"href":"https:\/\/www.landfrauen-meppen.de\/haren\/wp-json\/wp\/v2\/pages\/1846\/revisions"}],"predecessor-version":[{"id":1849,"href":"https:\/\/www.landfrauen-meppen.de\/haren\/wp-json\/wp\/v2\/pages\/1846\/revisions\/1849"}],"up":[{"embeddable":true,"href":"https:\/\/www.landfrauen-meppen.de\/haren\/wp-json\/wp\/v2\/pages\/150"}],"wp:attachment":[{"href":"https:\/\/www.landfrauen-meppen.de\/haren\/wp-json\/wp\/v2\/media?parent=1846"}],"curies":[{"name":"wp","href":"https:\/\/api.w.org\/{rel}","templated":true}]}}

<h1></h1>
<table width="642">
<tbody>
<tr>
<td width="245">2 große Zwiebeln</td>
<td width="397">schälen und grob raspeln.<br />
Ein Drittel der Zwiebeln,</td>
</tr>
<tr>
<td width="245">400 g gemischtes Hackfleisch,</td>
<td width="397"></td>
</tr>
<tr>
<td width="245">1 EL Tomatenmark,</td>
<td width="397"></td>
</tr>
<tr>
<td width="245">Salz</td>
<td width="397">und</td>
</tr>
<tr>
<td width="245">Pfeffer</td>
<td width="397">verkneten.</td>
</tr>
<tr>
<td width="245">ca. 200 g dünne Frühstücksspeckscheiben (Bacon)</td>
<td width="397">dicht an dicht von innen nach außen über den Rand einer Auflaufform (ca. 30 cm lang) legen, so dass 3 &#8211; 4 cm über den Rand hängen.</td>
</tr>
<tr>
<td width="245">750 g Kartoffeln</td>
<td width="397">schälen, waschen und grob raspeln. Die Kartoffeln gut ausdrücken. Die übrigen Zwiebeln und</td>
</tr>
<tr>
<td width="245">ca. 2 EL Mehl</td>
<td width="397">darunter kneten. Mit</td>
</tr>
<tr>
<td width="245">Salz</td>
<td width="397">und</td>
</tr>
<tr>
<td width="245">Pfeffer</td>
<td width="397">würzen.</td>
</tr>
<tr>
<td width="245"></td>
<td width="397">Die Hälfte der Kartoffelmasse in der Auflaufform verteilen.</td>
</tr>
<tr>
<td width="245">6 Scheiben Raclette-Käse (100 &#8211; 150 g)</td>
<td width="397">entrinden. 4 Scheiben auf die Kartoffelmasse legen.</td>
</tr>
<tr>
<td width="245"></td>
<td width="397">Die Hackmasse darauf verteilen und leicht andrücken.<br />
Den Rest der Kartoffelmasse darauf geben.<br />
Nun die überstehenden Speckscheiben darüber klappen.<br />
Die übrigen Käsescheiben in Streifen schneiden und darüber streuen.</td>
</tr>
<tr>
<td width="245"></td>
<td width="397">Den Auflauf im vorgeheizten Ofen (E-Herd 200°C / Umluft 175°C / Gas Stufe 3) 40 &#8211; 50 Minuten goldbraun überbacken. Mit</td>
</tr>
<tr>
<td width="245">Majoran</td>
<td width="397">garnieren.</td>
</tr>
<tr>
<td width="245"></td>
<td width="397"></td>
</tr>
<tr>
<td colspan="2" width="642">Dazu schmeckt ein grüner Salat.</td>
</tr>
</tbody>
</table>
<p><strong>Guten Appetit!</strong></p>

<p>2 große Zwiebeln schälen und grob raspeln. Ein Drittel der Zwiebeln, 400 g gemischtes Hackfleisch, 1 EL Tomatenmark, Salz und Pfeffer verkneten. ca. 200 g dünne Frühstücksspeckscheiben (Bacon) dicht an dicht von innen nach außen über den Rand einer Auflaufform <a class="more-link" href="https://www.landfrauen-meppen.de/haren/rezept-des-monats-2/rezept-mai-2026-kartoffel-hack-auflauf-mit-speckkruste/">Weiterlesen …</a></p>
