{"id":1719,"date":"2026-01-03T11:34:27","date_gmt":"2026-01-03T10:34:27","guid":{"rendered":"https:\/\/www.landfrauen-meppen.de\/haren\/?page_id=1719"},"modified":"2026-02-24T19:10:25","modified_gmt":"2026-02-24T18:10:25","slug":"rezept-januar-2026-hackbraten-mit-kartoffeln-und-sahne","status":"publish","type":"page","link":"https:\/\/www.landfrauen-meppen.de\/haren\/rezept-des-monats-2\/rezept-januar-2026-hackbraten-mit-kartoffeln-und-sahne\/","title":{"rendered":"Rezept Januar 2026 (Hackbraten mit Kartoffeln und Sahne)"},"content":{"rendered":"<h1><\/h1>\n<table width=\"642\">\n<tbody>\n<tr>\n<td width=\"245\"><\/td>\n<td width=\"397\">Eine gro\u00dfe Auflaufform einfetten.<\/td>\n<\/tr>\n<tr>\n<td width=\"245\">6 &#8211; 8 Kartoffeln<\/td>\n<td width=\"397\">sch\u00e4len und in d\u00fcnne Scheiben schneiden.<\/td>\n<\/tr>\n<tr>\n<td width=\"245\">200 g K\u00e4se<\/td>\n<td width=\"397\">in Scheiben schneiden.<\/td>\n<\/tr>\n<tr>\n<td width=\"245\">500 g Hackfleisch<\/td>\n<td width=\"397\">mit<\/td>\n<\/tr>\n<tr>\n<td width=\"245\">1 Ei,<\/td>\n<td width=\"397\"><\/td>\n<\/tr>\n<tr>\n<td width=\"245\">1 TL Senf,<\/td>\n<td width=\"397\"><\/td>\n<\/tr>\n<tr>\n<td width=\"245\">Salz,<\/td>\n<td width=\"397\"><\/td>\n<\/tr>\n<tr>\n<td width=\"245\">Pfeffer<\/td>\n<td width=\"397\">und<\/td>\n<\/tr>\n<tr>\n<td width=\"245\">Paprika<\/td>\n<td width=\"397\">gut verkneten.<\/td>\n<\/tr>\n<tr>\n<td width=\"245\"><\/td>\n<td width=\"397\">Die H\u00e4lfte der Masse mittig in die Auflaufform geben. Den K\u00e4se gleichm\u00e4\u00dfig darauf verteilen. Die restliche Hackfleischmasse dar\u00fcber geben und zu einem kompakten Laib formen.<\/td>\n<\/tr>\n<tr>\n<td width=\"245\"><\/td>\n<td width=\"397\">Die Kartoffelscheiben rund um den Hackbraten verteilen, mit<\/td>\n<\/tr>\n<tr>\n<td width=\"245\">Salz<\/td>\n<td width=\"397\">und<\/td>\n<\/tr>\n<tr>\n<td width=\"245\">Muskatnuss<\/td>\n<td width=\"397\">bestreuen.<\/td>\n<\/tr>\n<tr>\n<td width=\"245\">2 B. Sahne<\/td>\n<td width=\"397\">und<\/td>\n<\/tr>\n<tr>\n<td width=\"245\">200 ml Gem\u00fcsebr\u00fche<\/td>\n<td width=\"397\">vermischen und gleichm\u00e4\u00dfig \u00fcber die Kartoffeln gie\u00dfen.<\/td>\n<\/tr>\n<tr>\n<td width=\"245\"><\/td>\n<td width=\"397\">Bei 200\u00b0C 60 Minuten im Backofen backen, bis der Hackbraten sch\u00f6n braun ist und die Kartoffeln weich sind.<\/td>\n<\/tr>\n<\/tbody>\n<\/table>\n<p><strong style=\"font-size: 1rem\">Guten Appetit!<\/strong><\/p>\n","protected":false},"excerpt":{"rendered":"<p>Eine gro\u00dfe Auflaufform einfetten. 6 &#8211; 8 Kartoffeln sch\u00e4len und in d\u00fcnne Scheiben schneiden. 200 g K\u00e4se in Scheiben schneiden. 500 g Hackfleisch mit 1 Ei, 1 TL Senf, Salz, Pfeffer und Paprika gut verkneten. Die H\u00e4lfte der Masse mittig <a class=\"more-link\" href=\"https:\/\/www.landfrauen-meppen.de\/haren\/rezept-des-monats-2\/rezept-januar-2026-hackbraten-mit-kartoffeln-und-sahne\/\">Weiterlesen\u00a0\u2026<\/a><\/p>\n","protected":false},"author":6,"featured_media":0,"parent":150,"menu_order":0,"comment_status":"closed","ping_status":"closed","template":"","meta":{"footnotes":""},"class_list":["post-1719","page","type-page","status-publish","hentry"],"_links":{"self":[{"href":"https:\/\/www.landfrauen-meppen.de\/haren\/wp-json\/wp\/v2\/pages\/1719","targetHints":{"allow":["GET"]}}],"collection":[{"href":"https:\/\/www.landfrauen-meppen.de\/haren\/wp-json\/wp\/v2\/pages"}],"about":[{"href":"https:\/\/www.landfrauen-meppen.de\/haren\/wp-json\/wp\/v2\/types\/page"}],"author":[{"embeddable":true,"href":"https:\/\/www.landfrauen-meppen.de\/haren\/wp-json\/wp\/v2\/users\/6"}],"replies":[{"embeddable":true,"href":"https:\/\/www.landfrauen-meppen.de\/haren\/wp-json\/wp\/v2\/comments?post=1719"}],"version-history":[{"count":4,"href":"https:\/\/www.landfrauen-meppen.de\/haren\/wp-json\/wp\/v2\/pages\/1719\/revisions"}],"predecessor-version":[{"id":1789,"href":"https:\/\/www.landfrauen-meppen.de\/haren\/wp-json\/wp\/v2\/pages\/1719\/revisions\/1789"}],"up":[{"embeddable":true,"href":"https:\/\/www.landfrauen-meppen.de\/haren\/wp-json\/wp\/v2\/pages\/150"}],"wp:attachment":[{"href":"https:\/\/www.landfrauen-meppen.de\/haren\/wp-json\/wp\/v2\/media?parent=1719"}],"curies":[{"name":"wp","href":"https:\/\/api.w.org\/{rel}","templated":true}]}}