{"id":1632,"date":"2025-07-13T17:37:25","date_gmt":"2025-07-13T15:37:25","guid":{"rendered":"https:\/\/www.landfrauen-meppen.de\/haren\/?page_id=1632"},"modified":"2026-02-24T19:16:15","modified_gmt":"2026-02-24T18:16:15","slug":"rezept-juli-2025-nudel-thunfisch-salat","status":"publish","type":"page","link":"https:\/\/www.landfrauen-meppen.de\/haren\/rezept-des-monats-2\/rezept-juli-2025-nudel-thunfisch-salat\/","title":{"rendered":"Rezept Juli 2025 (Nudel-Thunfisch-Salat)"},"content":{"rendered":"<p>&nbsp;<\/p>\n<table width=\"642\" cellspacing=\"0\" cellpadding=\"4\">\n<tbody>\n<tr valign=\"top\">\n<td width=\"237\"><span style=\"font-family: Arial, serif\">500 g Nudeln (z. B. Fusilli)<\/span><\/td>\n<td width=\"389\"><span style=\"font-family: Arial, serif\">kochen bis sie bissfest sind und abk\u00fchlen lassen.<\/span><\/td>\n<\/tr>\n<tr valign=\"top\">\n<td width=\"237\"><span style=\"font-family: Arial, serif\">3 Eier<\/span><\/td>\n<td width=\"389\"><span style=\"font-family: Arial, serif\">hart kochen.<\/span><\/td>\n<\/tr>\n<tr valign=\"top\">\n<td width=\"237\"><span style=\"font-family: Arial, serif\">2 Dosen Thunfisch im eigenen Saft,<\/span><\/td>\n<td width=\"389\"><\/td>\n<\/tr>\n<tr valign=\"top\">\n<td width=\"237\"><span style=\"font-family: Arial, serif\">1 <\/span><span style=\"font-family: Arial, serif\">Dose Ananasst\u00fccke<\/span><\/td>\n<td width=\"389\"><span style=\"font-family: Arial, serif\">und<\/span><\/td>\n<\/tr>\n<tr valign=\"top\">\n<td width=\"237\"><span style=\"font-family: Arial, serif\">1 <\/span><span style=\"font-family: Arial, serif\">Dose Mais<\/span><\/td>\n<td width=\"389\"><span style=\"font-family: Arial, serif\">abgie\u00dfen.<\/span><\/td>\n<\/tr>\n<tr valign=\"top\">\n<td width=\"237\"><\/td>\n<td width=\"389\"><span style=\"font-family: Arial, serif\">Den Thunfisch, die Ananasst\u00fccke und den Mais in eine gro\u00dfe Sch\u00fcssel geben.<\/span><\/td>\n<\/tr>\n<tr valign=\"top\">\n<td width=\"237\"><\/td>\n<td width=\"389\"><span style=\"font-family: Arial, serif\">Die Nudeln hinzuf\u00fcgen.<\/span><\/td>\n<\/tr>\n<tr valign=\"top\">\n<td width=\"237\"><\/td>\n<td width=\"389\"><span style=\"font-family: Arial, serif\">Die Eier abpellen, in kleine W\u00fcrfel schneiden und ebenfalls hinzuf\u00fcgen.<\/span><\/td>\n<\/tr>\n<tr valign=\"top\">\n<td width=\"237\"><span style=\"font-family: Arial, serif\">Salz,<\/span><\/td>\n<td width=\"389\"><\/td>\n<\/tr>\n<tr valign=\"top\">\n<td width=\"237\"><span style=\"font-family: Arial, serif\">Pfeffer<\/span><\/td>\n<td width=\"389\"><span style=\"font-family: Arial, serif\">und<\/span><\/td>\n<\/tr>\n<tr valign=\"top\">\n<td width=\"237\"><span style=\"font-family: Arial, serif\">Kr\u00e4uter nach Belieben<\/span><\/td>\n<td width=\"389\"><span style=\"font-family: Arial, serif\">zu dem Salat geben.<\/span><\/td>\n<\/tr>\n<tr valign=\"top\">\n<td width=\"237\"><\/td>\n<td width=\"389\"><span style=\"font-family: Arial, serif\">Zum Schlu\u00df<\/span><\/td>\n<\/tr>\n<tr valign=\"top\">\n<td width=\"237\"><span style=\"font-family: Arial, serif\">Mayonnaise nach Belieben<\/span><\/td>\n<td width=\"389\"><span style=\"font-family: Arial, serif\">unter den Salat r\u00fchren.<\/span><\/td>\n<\/tr>\n<\/tbody>\n<\/table>\n<p class=\"western\"><span style=\"font-family: Arial, serif\"><b>Guten Appetit!<\/b><\/span><\/p>\n","protected":false},"excerpt":{"rendered":"<p>&nbsp; 500 g Nudeln (z. B. Fusilli) kochen bis sie bissfest sind und abk\u00fchlen lassen. 3 Eier hart kochen. 2 Dosen Thunfisch im eigenen Saft, 1 Dose Ananasst\u00fccke und 1 Dose Mais abgie\u00dfen. Den Thunfisch, die Ananasst\u00fccke und den Mais <a class=\"more-link\" href=\"https:\/\/www.landfrauen-meppen.de\/haren\/rezept-des-monats-2\/rezept-juli-2025-nudel-thunfisch-salat\/\">Weiterlesen\u00a0\u2026<\/a><\/p>\n","protected":false},"author":6,"featured_media":0,"parent":150,"menu_order":0,"comment_status":"closed","ping_status":"closed","template":"","meta":{"footnotes":""},"class_list":["post-1632","page","type-page","status-publish","hentry"],"_links":{"self":[{"href":"https:\/\/www.landfrauen-meppen.de\/haren\/wp-json\/wp\/v2\/pages\/1632","targetHints":{"allow":["GET"]}}],"collection":[{"href":"https:\/\/www.landfrauen-meppen.de\/haren\/wp-json\/wp\/v2\/pages"}],"about":[{"href":"https:\/\/www.landfrauen-meppen.de\/haren\/wp-json\/wp\/v2\/types\/page"}],"author":[{"embeddable":true,"href":"https:\/\/www.landfrauen-meppen.de\/haren\/wp-json\/wp\/v2\/users\/6"}],"replies":[{"embeddable":true,"href":"https:\/\/www.landfrauen-meppen.de\/haren\/wp-json\/wp\/v2\/comments?post=1632"}],"version-history":[{"count":2,"href":"https:\/\/www.landfrauen-meppen.de\/haren\/wp-json\/wp\/v2\/pages\/1632\/revisions"}],"predecessor-version":[{"id":1782,"href":"https:\/\/www.landfrauen-meppen.de\/haren\/wp-json\/wp\/v2\/pages\/1632\/revisions\/1782"}],"up":[{"embeddable":true,"href":"https:\/\/www.landfrauen-meppen.de\/haren\/wp-json\/wp\/v2\/pages\/150"}],"wp:attachment":[{"href":"https:\/\/www.landfrauen-meppen.de\/haren\/wp-json\/wp\/v2\/media?parent=1632"}],"curies":[{"name":"wp","href":"https:\/\/api.w.org\/{rel}","templated":true}]}}

<p>&nbsp;</p>
<table width="642" cellspacing="0" cellpadding="4">
<tbody>
<tr valign="top">
<td width="237"><span style="font-family: Arial, serif">500 g Nudeln (z. B. Fusilli)</span></td>
<td width="389"><span style="font-family: Arial, serif">kochen bis sie bissfest sind und abkühlen lassen.</span></td>
</tr>
<tr valign="top">
<td width="237"><span style="font-family: Arial, serif">3 Eier</span></td>
<td width="389"><span style="font-family: Arial, serif">hart kochen.</span></td>
</tr>
<tr valign="top">
<td width="237"><span style="font-family: Arial, serif">2 Dosen Thunfisch im eigenen Saft,</span></td>
<td width="389"></td>
</tr>
<tr valign="top">
<td width="237"><span style="font-family: Arial, serif">1 </span><span style="font-family: Arial, serif">Dose Ananasstücke</span></td>
<td width="389"><span style="font-family: Arial, serif">und</span></td>
</tr>
<tr valign="top">
<td width="237"><span style="font-family: Arial, serif">1 </span><span style="font-family: Arial, serif">Dose Mais</span></td>
<td width="389"><span style="font-family: Arial, serif">abgießen.</span></td>
</tr>
<tr valign="top">
<td width="237"></td>
<td width="389"><span style="font-family: Arial, serif">Den Thunfisch, die Ananasstücke und den Mais in eine große Schüssel geben.</span></td>
</tr>
<tr valign="top">
<td width="237"></td>
<td width="389"><span style="font-family: Arial, serif">Die Nudeln hinzufügen.</span></td>
</tr>
<tr valign="top">
<td width="237"></td>
<td width="389"><span style="font-family: Arial, serif">Die Eier abpellen, in kleine Würfel schneiden und ebenfalls hinzufügen.</span></td>
</tr>
<tr valign="top">
<td width="237"><span style="font-family: Arial, serif">Salz,</span></td>
<td width="389"></td>
</tr>
<tr valign="top">
<td width="237"><span style="font-family: Arial, serif">Pfeffer</span></td>
<td width="389"><span style="font-family: Arial, serif">und</span></td>
</tr>
<tr valign="top">
<td width="237"><span style="font-family: Arial, serif">Kräuter nach Belieben</span></td>
<td width="389"><span style="font-family: Arial, serif">zu dem Salat geben.</span></td>
</tr>
<tr valign="top">
<td width="237"></td>
<td width="389"><span style="font-family: Arial, serif">Zum Schluß</span></td>
</tr>
<tr valign="top">
<td width="237"><span style="font-family: Arial, serif">Mayonnaise nach Belieben</span></td>
<td width="389"><span style="font-family: Arial, serif">unter den Salat rühren.</span></td>
</tr>
</tbody>
</table>
<p class="western"><span style="font-family: Arial, serif"><b>Guten Appetit!</b></span></p>

<p>&nbsp; 500 g Nudeln (z. B. Fusilli) kochen bis sie bissfest sind und abkühlen lassen. 3 Eier hart kochen. 2 Dosen Thunfisch im eigenen Saft, 1 Dose Ananasstücke und 1 Dose Mais abgießen. Den Thunfisch, die Ananasstücke und den Mais <a class="more-link" href="https://www.landfrauen-meppen.de/haren/rezept-des-monats-2/rezept-juli-2025-nudel-thunfisch-salat/">Weiterlesen …</a></p>
