{"id":1620,"date":"2025-06-12T12:45:20","date_gmt":"2025-06-12T10:45:20","guid":{"rendered":"https:\/\/www.landfrauen-meppen.de\/haren\/?page_id=1620"},"modified":"2026-02-24T19:17:10","modified_gmt":"2026-02-24T18:17:10","slug":"rezept-juni-2025-gyros-tomaten-auflauf","status":"publish","type":"page","link":"https:\/\/www.landfrauen-meppen.de\/haren\/rezept-des-monats-2\/rezept-juni-2025-gyros-tomaten-auflauf\/","title":{"rendered":"Rezept Juni 2025 (Gyros-Tomaten-Auflauf)"},"content":{"rendered":"<h1><\/h1>\n<table>\n<tbody>\n<tr>\n<td width=\"245\">700 g Gyros<\/td>\n<td width=\"397\">anbraten und in eine gefettete Auflaufform geben.<\/td>\n<\/tr>\n<tr>\n<td width=\"245\">250 g Sp\u00e4tzle<\/td>\n<td width=\"397\">nicht ganz gar kochen und auf dem Gyros verteilen.<\/td>\n<\/tr>\n<tr>\n<td width=\"245\">3 &#8211; 4 Tomaten<\/td>\n<td width=\"397\">in Scheiben schneiden und den Auflauf damit belegen.<\/td>\n<\/tr>\n<tr>\n<td width=\"245\">1 Becher Schmand,<\/td>\n<td width=\"397\"><\/td>\n<\/tr>\n<tr>\n<td width=\"245\">1 Becher Sahne<\/td>\n<td width=\"397\">und<\/td>\n<\/tr>\n<tr>\n<td width=\"245\">1 Becher Milch<\/td>\n<td width=\"397\">verr\u00fchren, mit<\/td>\n<\/tr>\n<tr>\n<td width=\"245\">Salz,<\/td>\n<td width=\"397\"><\/td>\n<\/tr>\n<tr>\n<td width=\"245\">Pfeffer<\/td>\n<td width=\"397\">und<\/td>\n<\/tr>\n<tr>\n<td width=\"245\">Gyrosgew\u00fcrz<\/td>\n<td width=\"397\">gut w\u00fcrzen und \u00fcber die Tomaten gie\u00dfen. Mit<\/td>\n<\/tr>\n<tr>\n<td width=\"245\">geriebenem K\u00e4se<\/td>\n<td width=\"397\">bestreuen.<\/td>\n<\/tr>\n<tr>\n<td width=\"245\"><\/td>\n<td width=\"397\">Den Auflauf bei 180\u00b0C (Umluft) 30 Minuten backen.<\/td>\n<\/tr>\n<\/tbody>\n<\/table>\n<p><strong style=\"font-size: 1rem\">Guten Appetit!<\/strong><\/p>\n","protected":false},"excerpt":{"rendered":"<p>700 g Gyros anbraten und in eine gefettete Auflaufform geben. 250 g Sp\u00e4tzle nicht ganz gar kochen und auf dem Gyros verteilen. 3 &#8211; 4 Tomaten in Scheiben schneiden und den Auflauf damit belegen. 1 Becher Schmand, 1 Becher Sahne <a class=\"more-link\" href=\"https:\/\/www.landfrauen-meppen.de\/haren\/rezept-des-monats-2\/rezept-juni-2025-gyros-tomaten-auflauf\/\">Weiterlesen\u00a0\u2026<\/a><\/p>\n","protected":false},"author":6,"featured_media":0,"parent":150,"menu_order":0,"comment_status":"closed","ping_status":"closed","template":"","meta":{"footnotes":""},"class_list":["post-1620","page","type-page","status-publish","hentry"],"_links":{"self":[{"href":"https:\/\/www.landfrauen-meppen.de\/haren\/wp-json\/wp\/v2\/pages\/1620","targetHints":{"allow":["GET"]}}],"collection":[{"href":"https:\/\/www.landfrauen-meppen.de\/haren\/wp-json\/wp\/v2\/pages"}],"about":[{"href":"https:\/\/www.landfrauen-meppen.de\/haren\/wp-json\/wp\/v2\/types\/page"}],"author":[{"embeddable":true,"href":"https:\/\/www.landfrauen-meppen.de\/haren\/wp-json\/wp\/v2\/users\/6"}],"replies":[{"embeddable":true,"href":"https:\/\/www.landfrauen-meppen.de\/haren\/wp-json\/wp\/v2\/comments?post=1620"}],"version-history":[{"count":4,"href":"https:\/\/www.landfrauen-meppen.de\/haren\/wp-json\/wp\/v2\/pages\/1620\/revisions"}],"predecessor-version":[{"id":1781,"href":"https:\/\/www.landfrauen-meppen.de\/haren\/wp-json\/wp\/v2\/pages\/1620\/revisions\/1781"}],"up":[{"embeddable":true,"href":"https:\/\/www.landfrauen-meppen.de\/haren\/wp-json\/wp\/v2\/pages\/150"}],"wp:attachment":[{"href":"https:\/\/www.landfrauen-meppen.de\/haren\/wp-json\/wp\/v2\/media?parent=1620"}],"curies":[{"name":"wp","href":"https:\/\/api.w.org\/{rel}","templated":true}]}}

<h1></h1>
<table>
<tbody>
<tr>
<td width="245">700 g Gyros</td>
<td width="397">anbraten und in eine gefettete Auflaufform geben.</td>
</tr>
<tr>
<td width="245">250 g Spätzle</td>
<td width="397">nicht ganz gar kochen und auf dem Gyros verteilen.</td>
</tr>
<tr>
<td width="245">3 &#8211; 4 Tomaten</td>
<td width="397">in Scheiben schneiden und den Auflauf damit belegen.</td>
</tr>
<tr>
<td width="245">1 Becher Schmand,</td>
<td width="397"></td>
</tr>
<tr>
<td width="245">1 Becher Sahne</td>
<td width="397">und</td>
</tr>
<tr>
<td width="245">1 Becher Milch</td>
<td width="397">verrühren, mit</td>
</tr>
<tr>
<td width="245">Salz,</td>
<td width="397"></td>
</tr>
<tr>
<td width="245">Pfeffer</td>
<td width="397">und</td>
</tr>
<tr>
<td width="245">Gyrosgewürz</td>
<td width="397">gut würzen und über die Tomaten gießen. Mit</td>
</tr>
<tr>
<td width="245">geriebenem Käse</td>
<td width="397">bestreuen.</td>
</tr>
<tr>
<td width="245"></td>
<td width="397">Den Auflauf bei 180°C (Umluft) 30 Minuten backen.</td>
</tr>
</tbody>
</table>
<p><strong style="font-size: 1rem">Guten Appetit!</strong></p>

<p>700 g Gyros anbraten und in eine gefettete Auflaufform geben. 250 g Spätzle nicht ganz gar kochen und auf dem Gyros verteilen. 3 &#8211; 4 Tomaten in Scheiben schneiden und den Auflauf damit belegen. 1 Becher Schmand, 1 Becher Sahne <a class="more-link" href="https://www.landfrauen-meppen.de/haren/rezept-des-monats-2/rezept-juni-2025-gyros-tomaten-auflauf/">Weiterlesen …</a></p>
