{"id":77,"date":"2017-04-13T15:20:45","date_gmt":"2017-04-13T13:20:45","guid":{"rendered":"http:\/\/www.landfrauen-meppen.de\/geeste-osterbrock\/?page_id=77"},"modified":"2017-07-17T17:27:12","modified_gmt":"2017-07-17T15:27:12","slug":"hereinspaziert","status":"publish","type":"page","link":"https:\/\/www.landfrauen-meppen.de\/geeste-osterbrock\/hereinspaziert\/","title":{"rendered":"Hereinspaziert"},"content":{"rendered":"<p><span style=\"color: #000000;font-family: Calibri\">Aktionen am Heimathaus.<\/span><\/p>\n<p><span style=\"color: #000000;font-family: Calibri\">Am Heimathaus im Ortskern von Geeste (hier sind Parkm\u00f6glichkeiten vorhanden)<\/span><\/p>\n<p><span style=\"color: #000000;font-family: Calibri\">finden Sie einen kleinen Markt mit dekorativen Artikeln f\u00fcr Heim und Garten.<\/span><\/p>\n<p><span style=\"color: #000000;font-family: Calibri\">Nicol L\u00fcdtke \u201eFaszination Feuer\u201c hat eine Auswahl an Produkten aus Eisen und Holz mitgebracht.<\/span><\/p>\n<p><span style=\"color: #000000;font-family: Calibri\">Au\u00dferdem beteiligen sich Frau Anja Thole (Kr\u00e4uterp\u00e4dagogin) und<\/span><\/p>\n<p><span style=\"color: #000000;font-family: Calibri\">Renate Brinkers \u201ePflanzen und Co- die etwas andere G\u00e4rtnerei\u201c mit einer Ausstellung ihrer Produkte.<\/span><\/p>\n<p><span style=\"color: #000000;font-family: Calibri\">Sie werden gerne alle Fragen zu Kr\u00e4utern und Stauden beantworten.<\/span><\/p>\n<p><span style=\"color: #000000;font-family: Calibri\">Herr Wilhelm Bickers wird mit seinen Imkereiprodukten vor Ort sein.<\/span><\/p>\n<p><span style=\"color: #000000;font-family: Calibri\">Annegret Staguhn wird selbstgen\u00e4htes aus Stoff, sowie Marmeladen und Lik\u00f6re mitbringen<\/span><\/p>\n<p><span style=\"color: #000000;font-family: Calibri\">Herr Thomas K\u00f6lker<\/span><span style=\"color: #000000;font-family: Calibri\">\u00a0 <\/span><span style=\"color: #000000;font-family: Calibri\">pr\u00e4sentiert Dekorationen aus der Kombination von Stein, Eisen und Holz.<\/span><\/p>\n<p><span style=\"color: #000000;font-family: Calibri\">Ab 11.00<\/span><span style=\"color: #000000;font-family: Calibri\">\u00a0 <\/span><span style=\"color: #000000;font-family: Calibri\">Uhr bewirten wir Landfrauen unsere G\u00e4ste mit selbstgebackenem <\/span><span style=\"color: #000000;font-family: Calibri\">\u00a0<\/span><span style=\"color: #000000;font-family: Calibri\">Kuchen und Kaffee<\/span><\/p>\n<p><span style=\"color: #000000;font-family: Calibri\">sowie mit gegrillten W\u00fcrstchen und Getr\u00e4nken.<\/span><\/p>\n","protected":false},"excerpt":{"rendered":"<p>Aktionen am Heimathaus. Am Heimathaus im Ortskern von Geeste (hier sind Parkm\u00f6glichkeiten vorhanden) finden Sie einen kleinen Markt mit dekorativen Artikeln f\u00fcr Heim und Garten. Nicol L\u00fcdtke \u201eFaszination Feuer\u201c hat eine Auswahl an Produkten aus Eisen und Holz mitgebracht. Au\u00dferdem beteiligen sich Frau Anja Thole (Kr\u00e4uterp\u00e4dagogin) und Renate Brinkers \u201ePflanzen und Co- die etwas andere &hellip; <\/p>\n<p class=\"link-more\"><a href=\"https:\/\/www.landfrauen-meppen.de\/geeste-osterbrock\/hereinspaziert\/\" class=\"more-link\"><span class=\"screen-reader-text\">\u201eHereinspaziert\u201c <\/span>weiterlesen<\/a><\/p>\n","protected":false},"author":4,"featured_media":0,"parent":0,"menu_order":0,"comment_status":"closed","ping_status":"closed","template":"","meta":{"footnotes":""},"class_list":["post-77","page","type-page","status-publish","hentry"],"_links":{"self":[{"href":"https:\/\/www.landfrauen-meppen.de\/geeste-osterbrock\/wp-json\/wp\/v2\/pages\/77","targetHints":{"allow":["GET"]}}],"collection":[{"href":"https:\/\/www.landfrauen-meppen.de\/geeste-osterbrock\/wp-json\/wp\/v2\/pages"}],"about":[{"href":"https:\/\/www.landfrauen-meppen.de\/geeste-osterbrock\/wp-json\/wp\/v2\/types\/page"}],"author":[{"embeddable":true,"href":"https:\/\/www.landfrauen-meppen.de\/geeste-osterbrock\/wp-json\/wp\/v2\/users\/4"}],"replies":[{"embeddable":true,"href":"https:\/\/www.landfrauen-meppen.de\/geeste-osterbrock\/wp-json\/wp\/v2\/comments?post=77"}],"version-history":[{"count":1,"href":"https:\/\/www.landfrauen-meppen.de\/geeste-osterbrock\/wp-json\/wp\/v2\/pages\/77\/revisions"}],"predecessor-version":[{"id":79,"href":"https:\/\/www.landfrauen-meppen.de\/geeste-osterbrock\/wp-json\/wp\/v2\/pages\/77\/revisions\/79"}],"wp:attachment":[{"href":"https:\/\/www.landfrauen-meppen.de\/geeste-osterbrock\/wp-json\/wp\/v2\/media?parent=77"}],"curies":[{"name":"wp","href":"https:\/\/api.w.org\/{rel}","templated":true}]}}

<p><span style="color: #000000;font-family: Calibri">Aktionen am Heimathaus.</span></p>
<p><span style="color: #000000;font-family: Calibri">Am Heimathaus im Ortskern von Geeste (hier sind Parkmöglichkeiten vorhanden)</span></p>
<p><span style="color: #000000;font-family: Calibri">finden Sie einen kleinen Markt mit dekorativen Artikeln für Heim und Garten.</span></p>
<p><span style="color: #000000;font-family: Calibri">Nicol Lüdtke „Faszination Feuer“ hat eine Auswahl an Produkten aus Eisen und Holz mitgebracht.</span></p>
<p><span style="color: #000000;font-family: Calibri">Außerdem beteiligen sich Frau Anja Thole (Kräuterpädagogin) und</span></p>
<p><span style="color: #000000;font-family: Calibri">Renate Brinkers „Pflanzen und Co- die etwas andere Gärtnerei“ mit einer Ausstellung ihrer Produkte.</span></p>
<p><span style="color: #000000;font-family: Calibri">Sie werden gerne alle Fragen zu Kräutern und Stauden beantworten.</span></p>
<p><span style="color: #000000;font-family: Calibri">Herr Wilhelm Bickers wird mit seinen Imkereiprodukten vor Ort sein.</span></p>
<p><span style="color: #000000;font-family: Calibri">Annegret Staguhn wird selbstgenähtes aus Stoff, sowie Marmeladen und Liköre mitbringen</span></p>
<p><span style="color: #000000;font-family: Calibri">Herr Thomas Kölker</span><span style="color: #000000;font-family: Calibri">  </span><span style="color: #000000;font-family: Calibri">präsentiert Dekorationen aus der Kombination von Stein, Eisen und Holz.</span></p>
<p><span style="color: #000000;font-family: Calibri">Ab 11.00</span><span style="color: #000000;font-family: Calibri">  </span><span style="color: #000000;font-family: Calibri">Uhr bewirten wir Landfrauen unsere Gäste mit selbstgebackenem </span><span style="color: #000000;font-family: Calibri"> </span><span style="color: #000000;font-family: Calibri">Kuchen und Kaffee</span></p>
<p><span style="color: #000000;font-family: Calibri">sowie mit gegrillten Würstchen und Getränken.</span></p>

<p>Aktionen am Heimathaus. Am Heimathaus im Ortskern von Geeste (hier sind Parkmöglichkeiten vorhanden) finden Sie einen kleinen Markt mit dekorativen Artikeln für Heim und Garten. Nicol Lüdtke „Faszination Feuer“ hat eine Auswahl an Produkten aus Eisen und Holz mitgebracht. Außerdem beteiligen sich Frau Anja Thole (Kräuterpädagogin) und Renate Brinkers „Pflanzen und Co- die etwas andere &hellip; </p>
<p class="link-more"><a href="https://www.landfrauen-meppen.de/geeste-osterbrock/hereinspaziert/" class="more-link"><span class="screen-reader-text">„Hereinspaziert“ </span>weiterlesen</a></p>
