{"id":70,"date":"2017-04-13T14:59:33","date_gmt":"2017-04-13T12:59:33","guid":{"rendered":"http:\/\/www.landfrauen-meppen.de\/geeste-osterbrock\/?page_id=70"},"modified":"2017-04-13T15:07:53","modified_gmt":"2017-04-13T13:07:53","slug":"wir-ueber-uns","status":"publish","type":"page","link":"https:\/\/www.landfrauen-meppen.de\/geeste-osterbrock\/wir-ueber-uns\/","title":{"rendered":"Wir \u00fcber uns"},"content":{"rendered":"<h2><strong><span style=\"color: #000000;font-family: Calibri\">Wir \u00fcber uns<\/span><\/strong><\/h2>\n<p><span style=\"color: #000000;font-family: Calibri\">Im Herbst 1958 wurde der Landfrauenverein Geeste-Osterbrock gegr\u00fcndet.<\/span><\/p>\n<p><span style=\"color: #000000;font-family: Calibri\">Mit 30 Mitgliedern und 5,00 DM Jahresbeitrag wurde die Vereinsarbeit gestartet.<\/span><\/p>\n<p><span style=\"color: #000000;font-family: Calibri\">Was seinen Ursprung in der Mitgliedschaft von B\u00e4uerinnen fand, hat sich bis heute zu einem Verein von Frauen auf dem Lande entwickelt.<\/span><\/p>\n<p><span style=\"color: #000000;font-family: Calibri\">Unser Verein ist offen f\u00fcr alle Frauen unabh\u00e4ngig von Alter, Beruf und Familienstand.<\/span><\/p>\n<p><span style=\"color: #000000;font-family: Calibri\">Unser Programm beginnt im Oktober und endet im M\u00e4rz. Im Sommer l\u00e4dt unser Verein zur Ganztagesfahrten oder Fahrradtouren ein.<\/span><\/p>\n<p><span style=\"color: #000000;font-family: Calibri\">An unseren Vereinsabenden werden Themen wie Garten, Ern\u00e4hrung, Gesundheit, Dekoratives Gestalten, Rechts- und Sozialfragen und vieles andere vorgestellt.<\/span><\/p>\n<p><span style=\"color: #000000;font-family: Calibri\">Schauen Sie doch einfach einmal vorbei, wir freuen uns \u00fcber jedes neue Gesicht in unserer Runde.<\/span><\/p>\n<p><span style=\"color: #000000;font-family: Calibri\">Ganz unverbindlich k\u00f6nnen Sie ein ganzes Jahr schnuppern.<\/span><\/p>\n<p><span style=\"color: #000000;font-family: Calibri\">Wir sind eine nette Gemeinschaft und haben viel Spa\u00df <\/span><\/p>\n<p><span style=\"color: #000000;font-family: Calibri\">Auf Ihr Kommen freut sich der Landfrauen Verein Geeste.<\/span><\/p>\n","protected":false},"excerpt":{"rendered":"<p>Wir \u00fcber uns Im Herbst 1958 wurde der Landfrauenverein Geeste-Osterbrock gegr\u00fcndet. Mit 30 Mitgliedern und 5,00 DM Jahresbeitrag wurde die Vereinsarbeit gestartet. Was seinen Ursprung in der Mitgliedschaft von B\u00e4uerinnen fand, hat sich bis heute zu einem Verein von Frauen auf dem Lande entwickelt. Unser Verein ist offen f\u00fcr alle Frauen unabh\u00e4ngig von Alter, Beruf &hellip; <\/p>\n<p class=\"link-more\"><a href=\"https:\/\/www.landfrauen-meppen.de\/geeste-osterbrock\/wir-ueber-uns\/\" class=\"more-link\"><span class=\"screen-reader-text\">\u201eWir \u00fcber uns\u201c <\/span>weiterlesen<\/a><\/p>\n","protected":false},"author":4,"featured_media":0,"parent":0,"menu_order":0,"comment_status":"closed","ping_status":"closed","template":"","meta":{"footnotes":""},"class_list":["post-70","page","type-page","status-publish","hentry"],"_links":{"self":[{"href":"https:\/\/www.landfrauen-meppen.de\/geeste-osterbrock\/wp-json\/wp\/v2\/pages\/70","targetHints":{"allow":["GET"]}}],"collection":[{"href":"https:\/\/www.landfrauen-meppen.de\/geeste-osterbrock\/wp-json\/wp\/v2\/pages"}],"about":[{"href":"https:\/\/www.landfrauen-meppen.de\/geeste-osterbrock\/wp-json\/wp\/v2\/types\/page"}],"author":[{"embeddable":true,"href":"https:\/\/www.landfrauen-meppen.de\/geeste-osterbrock\/wp-json\/wp\/v2\/users\/4"}],"replies":[{"embeddable":true,"href":"https:\/\/www.landfrauen-meppen.de\/geeste-osterbrock\/wp-json\/wp\/v2\/comments?post=70"}],"version-history":[{"count":3,"href":"https:\/\/www.landfrauen-meppen.de\/geeste-osterbrock\/wp-json\/wp\/v2\/pages\/70\/revisions"}],"predecessor-version":[{"id":75,"href":"https:\/\/www.landfrauen-meppen.de\/geeste-osterbrock\/wp-json\/wp\/v2\/pages\/70\/revisions\/75"}],"wp:attachment":[{"href":"https:\/\/www.landfrauen-meppen.de\/geeste-osterbrock\/wp-json\/wp\/v2\/media?parent=70"}],"curies":[{"name":"wp","href":"https:\/\/api.w.org\/{rel}","templated":true}]}}

Wir über uns

<h2><strong><span style="color: #000000;font-family: Calibri">Wir über uns</span></strong></h2>
<p><span style="color: #000000;font-family: Calibri">Im Herbst 1958 wurde der Landfrauenverein Geeste-Osterbrock gegründet.</span></p>
<p><span style="color: #000000;font-family: Calibri">Mit 30 Mitgliedern und 5,00 DM Jahresbeitrag wurde die Vereinsarbeit gestartet.</span></p>
<p><span style="color: #000000;font-family: Calibri">Was seinen Ursprung in der Mitgliedschaft von Bäuerinnen fand, hat sich bis heute zu einem Verein von Frauen auf dem Lande entwickelt.</span></p>
<p><span style="color: #000000;font-family: Calibri">Unser Verein ist offen für alle Frauen unabhängig von Alter, Beruf und Familienstand.</span></p>
<p><span style="color: #000000;font-family: Calibri">Unser Programm beginnt im Oktober und endet im März. Im Sommer lädt unser Verein zur Ganztagesfahrten oder Fahrradtouren ein.</span></p>
<p><span style="color: #000000;font-family: Calibri">An unseren Vereinsabenden werden Themen wie Garten, Ernährung, Gesundheit, Dekoratives Gestalten, Rechts- und Sozialfragen und vieles andere vorgestellt.</span></p>
<p><span style="color: #000000;font-family: Calibri">Schauen Sie doch einfach einmal vorbei, wir freuen uns über jedes neue Gesicht in unserer Runde.</span></p>
<p><span style="color: #000000;font-family: Calibri">Ganz unverbindlich können Sie ein ganzes Jahr schnuppern.</span></p>
<p><span style="color: #000000;font-family: Calibri">Wir sind eine nette Gemeinschaft und haben viel Spaß </span></p>
<p><span style="color: #000000;font-family: Calibri">Auf Ihr Kommen freut sich der Landfrauen Verein Geeste.</span></p>

<p>Wir über uns Im Herbst 1958 wurde der Landfrauenverein Geeste-Osterbrock gegründet. Mit 30 Mitgliedern und 5,00 DM Jahresbeitrag wurde die Vereinsarbeit gestartet. Was seinen Ursprung in der Mitgliedschaft von Bäuerinnen fand, hat sich bis heute zu einem Verein von Frauen auf dem Lande entwickelt. Unser Verein ist offen für alle Frauen unabhängig von Alter, Beruf &hellip; </p>
<p class="link-more"><a href="https://www.landfrauen-meppen.de/geeste-osterbrock/wir-ueber-uns/" class="more-link"><span class="screen-reader-text">„Wir über uns“ </span>weiterlesen</a></p>
