{"id":306,"date":"2019-05-28T11:34:56","date_gmt":"2019-05-28T09:34:56","guid":{"rendered":"https:\/\/www.landfrauen-meppen.de\/geeste-osterbrock\/?page_id=306"},"modified":"2019-05-28T11:34:56","modified_gmt":"2019-05-28T09:34:56","slug":"jahresprogramm-2019-2020","status":"publish","type":"page","link":"https:\/\/www.landfrauen-meppen.de\/geeste-osterbrock\/jahresprogramm\/jahresprogramm-2019-2020\/","title":{"rendered":"Jahresprogramm 2019\/2020"},"content":{"rendered":"<p><strong>Landfrauenverein Geeste\/Osterbrock<\/strong><\/p>\n<p>&nbsp;<\/p>\n<p><strong><u>Programm\u00fcbersicht 2019\/2020<\/u><\/strong><\/p>\n<p>&nbsp;<\/p>\n<p><strong><u>18.Mai 2019 Samstag Einlass 9.30 Uhr und 14.30 Uhr Elisabethstr. 4\u00a0 Geeste<br \/>\n<\/u><\/strong>Die Natur ist unsere Inspiration. Frau Anne Bunjes zaubert aus Naturmaterialien die zum Teil direkt aus dem Garten kommen wundersch\u00f6ne Dekoideen. In gem\u00fctlicher Atmosph\u00e4re wird auch f\u00fcr das leibliche Wohl gesorgt.<\/p>\n<p>Info unter: <a href=\"http:\/\/www.bunjes-naturfloristik.de\">www.bunjes-naturfloristik.de<\/a><\/p>\n<ol start=\"6\">\n<li><strong><u> Juni 2019 Donnerstag 14.00 Uhr ab Kirche Geeste<br \/>\n<\/u><\/strong>Fahrradtour nach Lingen, wir werden in einem Garten Kaffee trinken und danach<br \/>\neine F\u00fchrung durch das Theater erleben. Zum Abschluss werden wir bei Over Spargel essen.<\/li>\n<li><strong><u> Oktober 2019 Dienstag 19.30 Uhr Winkeler<br \/>\n<\/u><\/strong>Bestattungskultur im Wandel der Zeit. Zu diesem Thema referiert Herr Pingel vom gleichnamigen Bestattungsunternehmen. Hierzu sind unsere M\u00e4nner herzlich eingeladen.<\/li>\n<li><strong><u> November 2019 Freitag Tagesfahrt mit den Dalumer Landfrauen<\/u><\/strong><\/li>\n<\/ol>\n<p>Wir besuchen die Messe \u201e Mode Heim Handwerk\u201c in Essen<\/p>\n<p>Info unter: http:\/\/mhh-essen.de<\/p>\n<ol start=\"17\">\n<li><strong><u> Dezember 2019 Dienstag ca 15.00 Uhr Pfarrheim Geeste<br \/>\n<\/u><\/strong>Weihnachtsfeier in gem\u00fctlicher Runde. Frau H\u00fclsing aus Emsb\u00fcren wird Gedichte und Geschichten vortragen.<\/li>\n<\/ol>\n<p><strong><u>22.Januar 2020 Mittwoch 19.30 Uhr Winkeler<\/u><\/strong><\/p>\n<p>Generalversammlung<\/p>\n<p>\u201eSch\u00f6ne bunte Plastikwelt \u2013 K\u00f6nnen wir uns vor den Gefahren sch\u00fctzen?\u201c Zu diesem Thema referiert Frau Anni Rennock aus Dalum.<\/p>\n<ol start=\"13\">\n<li><strong><u> Februar 2020 Gemeinschaftsveranstaltung 19.30 Uhr Over<\/u><\/strong><\/li>\n<\/ol>\n<p>Motiviert, \u00fcberzeugend, durchsetzungsstark \u2013 und immer sch\u00f6n freundlich!<\/p>\n<p>Ist doch kein Problem, oder?<\/p>\n<p>Es referiert Frau Angela Neumann Diplomkommunikationswirtin.<\/p>\n<p><strong><u>M\u00e4rz KAG Meppen<\/u><\/strong><\/p>\n<p><strong><u>\u00a0<\/u><\/strong><\/p>\n","protected":false},"excerpt":{"rendered":"<p>Landfrauenverein Geeste\/Osterbrock &nbsp; Programm\u00fcbersicht 2019\/2020 &nbsp; 18.Mai 2019 Samstag Einlass 9.30 Uhr und 14.30 Uhr Elisabethstr. 4\u00a0 Geeste Die Natur ist unsere Inspiration. Frau Anne Bunjes zaubert aus Naturmaterialien die zum Teil direkt aus dem Garten kommen wundersch\u00f6ne Dekoideen. In gem\u00fctlicher Atmosph\u00e4re wird auch f\u00fcr das leibliche Wohl gesorgt. Info unter: www.bunjes-naturfloristik.de Juni 2019 Donnerstag &hellip; <\/p>\n<p class=\"link-more\"><a href=\"https:\/\/www.landfrauen-meppen.de\/geeste-osterbrock\/jahresprogramm\/jahresprogramm-2019-2020\/\" class=\"more-link\"><span class=\"screen-reader-text\">\u201eJahresprogramm 2019\/2020\u201c <\/span>weiterlesen<\/a><\/p>\n","protected":false},"author":4,"featured_media":0,"parent":15,"menu_order":0,"comment_status":"closed","ping_status":"closed","template":"","meta":{"footnotes":""},"class_list":["post-306","page","type-page","status-publish","hentry"],"_links":{"self":[{"href":"https:\/\/www.landfrauen-meppen.de\/geeste-osterbrock\/wp-json\/wp\/v2\/pages\/306","targetHints":{"allow":["GET"]}}],"collection":[{"href":"https:\/\/www.landfrauen-meppen.de\/geeste-osterbrock\/wp-json\/wp\/v2\/pages"}],"about":[{"href":"https:\/\/www.landfrauen-meppen.de\/geeste-osterbrock\/wp-json\/wp\/v2\/types\/page"}],"author":[{"embeddable":true,"href":"https:\/\/www.landfrauen-meppen.de\/geeste-osterbrock\/wp-json\/wp\/v2\/users\/4"}],"replies":[{"embeddable":true,"href":"https:\/\/www.landfrauen-meppen.de\/geeste-osterbrock\/wp-json\/wp\/v2\/comments?post=306"}],"version-history":[{"count":2,"href":"https:\/\/www.landfrauen-meppen.de\/geeste-osterbrock\/wp-json\/wp\/v2\/pages\/306\/revisions"}],"predecessor-version":[{"id":312,"href":"https:\/\/www.landfrauen-meppen.de\/geeste-osterbrock\/wp-json\/wp\/v2\/pages\/306\/revisions\/312"}],"up":[{"embeddable":true,"href":"https:\/\/www.landfrauen-meppen.de\/geeste-osterbrock\/wp-json\/wp\/v2\/pages\/15"}],"wp:attachment":[{"href":"https:\/\/www.landfrauen-meppen.de\/geeste-osterbrock\/wp-json\/wp\/v2\/media?parent=306"}],"curies":[{"name":"wp","href":"https:\/\/api.w.org\/{rel}","templated":true}]}}

<p><strong>Landfrauenverein Geeste/Osterbrock</strong></p>
<p>&nbsp;</p>
<p><strong><u>Programmübersicht 2019/2020</u></strong></p>
<p>&nbsp;</p>
<p><strong><u>18.Mai 2019 Samstag Einlass 9.30 Uhr und 14.30 Uhr Elisabethstr. 4  Geeste<br />
</u></strong>Die Natur ist unsere Inspiration. Frau Anne Bunjes zaubert aus Naturmaterialien die zum Teil direkt aus dem Garten kommen wunderschöne Dekoideen. In gemütlicher Atmosphäre wird auch für das leibliche Wohl gesorgt.</p>
<p>Info unter: <a href="http://www.bunjes-naturfloristik.de">www.bunjes-naturfloristik.de</a></p>
<ol start="6">
<li><strong><u> Juni 2019 Donnerstag 14.00 Uhr ab Kirche Geeste<br />
</u></strong>Fahrradtour nach Lingen, wir werden in einem Garten Kaffee trinken und danach<br />
eine Führung durch das Theater erleben. Zum Abschluss werden wir bei Over Spargel essen.</li>
<li><strong><u> Oktober 2019 Dienstag 19.30 Uhr Winkeler<br />
</u></strong>Bestattungskultur im Wandel der Zeit. Zu diesem Thema referiert Herr Pingel vom gleichnamigen Bestattungsunternehmen. Hierzu sind unsere Männer herzlich eingeladen.</li>
<li><strong><u> November 2019 Freitag Tagesfahrt mit den Dalumer Landfrauen</u></strong></li>
</ol>
<p>Wir besuchen die Messe „ Mode Heim Handwerk“ in Essen</p>
<p>Info unter: http://mhh-essen.de</p>
<ol start="17">
<li><strong><u> Dezember 2019 Dienstag ca 15.00 Uhr Pfarrheim Geeste<br />
</u></strong>Weihnachtsfeier in gemütlicher Runde. Frau Hülsing aus Emsbüren wird Gedichte und Geschichten vortragen.</li>
</ol>
<p><strong><u>22.Januar 2020 Mittwoch 19.30 Uhr Winkeler</u></strong></p>
<p>Generalversammlung</p>
<p>„Schöne bunte Plastikwelt – Können wir uns vor den Gefahren schützen?“ Zu diesem Thema referiert Frau Anni Rennock aus Dalum.</p>
<ol start="13">
<li><strong><u> Februar 2020 Gemeinschaftsveranstaltung 19.30 Uhr Over</u></strong></li>
</ol>
<p>Motiviert, überzeugend, durchsetzungsstark – und immer schön freundlich!</p>
<p>Ist doch kein Problem, oder?</p>
<p>Es referiert Frau Angela Neumann Diplomkommunikationswirtin.</p>
<p><strong><u>März KAG Meppen</u></strong></p>
<p><strong><u> </u></strong></p>

<p>Landfrauenverein Geeste/Osterbrock &nbsp; Programmübersicht 2019/2020 &nbsp; 18.Mai 2019 Samstag Einlass 9.30 Uhr und 14.30 Uhr Elisabethstr. 4  Geeste Die Natur ist unsere Inspiration. Frau Anne Bunjes zaubert aus Naturmaterialien die zum Teil direkt aus dem Garten kommen wunderschöne Dekoideen. In gemütlicher Atmosphäre wird auch für das leibliche Wohl gesorgt. Info unter: www.bunjes-naturfloristik.de Juni 2019 Donnerstag &hellip; </p>
<p class="link-more"><a href="https://www.landfrauen-meppen.de/geeste-osterbrock/jahresprogramm/jahresprogramm-2019-2020/" class="more-link"><span class="screen-reader-text">„Jahresprogramm 2019/2020“ </span>weiterlesen</a></p>
