{"id":189,"date":"2017-07-17T17:19:35","date_gmt":"2017-07-17T15:19:35","guid":{"rendered":"http:\/\/www.landfrauen-meppen.de\/geeste-osterbrock\/?page_id=189"},"modified":"2018-11-07T10:35:59","modified_gmt":"2018-11-07T09:35:59","slug":"jahresprogramm-201617","status":"publish","type":"page","link":"https:\/\/www.landfrauen-meppen.de\/geeste-osterbrock\/jahresprogramm\/jahresprogramm-201617\/","title":{"rendered":"Jahresprogramm 2018\/2019"},"content":{"rendered":"<p>Landfrauenverein Geeste-Osterbrock<\/p>\n<p>Programm\u00fcbersicht 2018\/2019<\/p>\n<p>17. April 2018 Dienstag 7.00 Uhr ab Kirche\/ Osterbrock<br \/>\nFahrt zum sch\u00f6nsten Fr\u00fchlingspark der Welt, dem Keukenhof in den Niederlanden,<br \/>\n26. Juni 2018 Dienstag 14.00 Uhr ab Steinkamp Osterbrock<br \/>\n\u201eFahrradtour nach Bokeloh\u201c<br \/>\nWir erleben eine Historische Schulstunde. Kaffee und Kuchen gibt\u2019s unterwegs und zum Abschluss einen Vesperteller bei Giese in Bokeloh.<br \/>\n22. September 2018 Samstag 9.30 Uhr Heimathaus Geeste<br \/>\n\u201e60 Jahre Landfrauen Geeste\/Osterbrock, Jubil\u00e4umsfr\u00fchst\u00fcck\u201c<br \/>\nDr. Eiyinck spricht zum Thema \u201eArbeitsfeld der Frauenwelt -Wie sich das Arbeitsleben der Frauen in den letzten 100 Jahren ver\u00e4ndert hat.\u201c<br \/>\n29. Oktober 2018 Montag 19.30 Uhr Saal Winkeler<br \/>\nWie pflege ich einen MRSA &#8211; positiven Angeh\u00f6rigen? Zu dieser Frage und zum Thema resistente Keime allgemein, bekommen wir Informationen vom Hygienebeauftragten Rudi Lohmann aus Werpeloh.<br \/>\nZu diesem Vortrag sind unsere M\u00e4nner herzlich eingeladen.<br \/>\n19. November 2018 Montag ab 18.30 Uhr mit Fahrgemeinschaften<br \/>\n\u201eAdventsfloristik auf dem Laufsteg\u201c bei Blumen Slump in Lengerich.<br \/>\nUns erwarteten ein Gastgeschenk, Pr\u00e4sentationen auf dem Laufsteg, weihnachtliche Leckereien mit Dippverkostungen.<br \/>\n16. Januar 2019 Mittwoch Saal Over 19.30 Uhr<br \/>\nGeneralversammlung<br \/>\nLachyoga &#8211; was ist das?<br \/>\nMit Frau Angelika Krapp werden wir einen sehr humorvollen und lustigen Start ins neue Jahr erleben.<br \/>\n20. Februar 2019<br \/>\nUnsere Gemeinschaftsveranstaltung findet 2019 in der Ollen B\u00e4ckerei in Gr. Hesepe<br \/>\nstatt. N\u00e4heres wird rechtzeitig bekannt gegeben.<br \/>\n07. M\u00e4rz 2019- Donnerstag 19.30 Uhr Saal Winkeler<br \/>\n\u201eSauberer Haushalt \u2013 Dreckige Umwelt\u201c<br \/>\nFrau Ursula Hoppe erl\u00e4utert in ihrem Vortrag, wie ihr euer Haus oder eure Wohnung, auch ohne den Einsatz von viel Chemie auf Hochglanz bringen k\u00f6nnt.<\/p>\n","protected":false},"excerpt":{"rendered":"<p>Landfrauenverein Geeste-Osterbrock Programm\u00fcbersicht 2018\/2019 17. April 2018 Dienstag 7.00 Uhr ab Kirche\/ Osterbrock Fahrt zum sch\u00f6nsten Fr\u00fchlingspark der Welt, dem Keukenhof in den Niederlanden, 26. Juni 2018 Dienstag 14.00 Uhr ab Steinkamp Osterbrock \u201eFahrradtour nach Bokeloh\u201c Wir erleben eine Historische Schulstunde. Kaffee und Kuchen gibt\u2019s unterwegs und zum Abschluss einen Vesperteller bei Giese in Bokeloh. &hellip; <\/p>\n<p class=\"link-more\"><a href=\"https:\/\/www.landfrauen-meppen.de\/geeste-osterbrock\/jahresprogramm\/jahresprogramm-201617\/\" class=\"more-link\"><span class=\"screen-reader-text\">\u201eJahresprogramm 2018\/2019\u201c <\/span>weiterlesen<\/a><\/p>\n","protected":false},"author":4,"featured_media":0,"parent":15,"menu_order":0,"comment_status":"closed","ping_status":"closed","template":"","meta":{"footnotes":""},"class_list":["post-189","page","type-page","status-publish","hentry"],"_links":{"self":[{"href":"https:\/\/www.landfrauen-meppen.de\/geeste-osterbrock\/wp-json\/wp\/v2\/pages\/189","targetHints":{"allow":["GET"]}}],"collection":[{"href":"https:\/\/www.landfrauen-meppen.de\/geeste-osterbrock\/wp-json\/wp\/v2\/pages"}],"about":[{"href":"https:\/\/www.landfrauen-meppen.de\/geeste-osterbrock\/wp-json\/wp\/v2\/types\/page"}],"author":[{"embeddable":true,"href":"https:\/\/www.landfrauen-meppen.de\/geeste-osterbrock\/wp-json\/wp\/v2\/users\/4"}],"replies":[{"embeddable":true,"href":"https:\/\/www.landfrauen-meppen.de\/geeste-osterbrock\/wp-json\/wp\/v2\/comments?post=189"}],"version-history":[{"count":3,"href":"https:\/\/www.landfrauen-meppen.de\/geeste-osterbrock\/wp-json\/wp\/v2\/pages\/189\/revisions"}],"predecessor-version":[{"id":277,"href":"https:\/\/www.landfrauen-meppen.de\/geeste-osterbrock\/wp-json\/wp\/v2\/pages\/189\/revisions\/277"}],"up":[{"embeddable":true,"href":"https:\/\/www.landfrauen-meppen.de\/geeste-osterbrock\/wp-json\/wp\/v2\/pages\/15"}],"wp:attachment":[{"href":"https:\/\/www.landfrauen-meppen.de\/geeste-osterbrock\/wp-json\/wp\/v2\/media?parent=189"}],"curies":[{"name":"wp","href":"https:\/\/api.w.org\/{rel}","templated":true}]}}

<p>Landfrauenverein Geeste-Osterbrock</p>
<p>Programmübersicht 2018/2019</p>
<p>17. April 2018 Dienstag 7.00 Uhr ab Kirche/ Osterbrock<br />
Fahrt zum schönsten Frühlingspark der Welt, dem Keukenhof in den Niederlanden,<br />
26. Juni 2018 Dienstag 14.00 Uhr ab Steinkamp Osterbrock<br />
„Fahrradtour nach Bokeloh“<br />
Wir erleben eine Historische Schulstunde. Kaffee und Kuchen gibt’s unterwegs und zum Abschluss einen Vesperteller bei Giese in Bokeloh.<br />
22. September 2018 Samstag 9.30 Uhr Heimathaus Geeste<br />
„60 Jahre Landfrauen Geeste/Osterbrock, Jubiläumsfrühstück“<br />
Dr. Eiyinck spricht zum Thema „Arbeitsfeld der Frauenwelt -Wie sich das Arbeitsleben der Frauen in den letzten 100 Jahren verändert hat.“<br />
29. Oktober 2018 Montag 19.30 Uhr Saal Winkeler<br />
Wie pflege ich einen MRSA &#8211; positiven Angehörigen? Zu dieser Frage und zum Thema resistente Keime allgemein, bekommen wir Informationen vom Hygienebeauftragten Rudi Lohmann aus Werpeloh.<br />
Zu diesem Vortrag sind unsere Männer herzlich eingeladen.<br />
19. November 2018 Montag ab 18.30 Uhr mit Fahrgemeinschaften<br />
„Adventsfloristik auf dem Laufsteg“ bei Blumen Slump in Lengerich.<br />
Uns erwarteten ein Gastgeschenk, Präsentationen auf dem Laufsteg, weihnachtliche Leckereien mit Dippverkostungen.<br />
16. Januar 2019 Mittwoch Saal Over 19.30 Uhr<br />
Generalversammlung<br />
Lachyoga &#8211; was ist das?<br />
Mit Frau Angelika Krapp werden wir einen sehr humorvollen und lustigen Start ins neue Jahr erleben.<br />
20. Februar 2019<br />
Unsere Gemeinschaftsveranstaltung findet 2019 in der Ollen Bäckerei in Gr. Hesepe<br />
statt. Näheres wird rechtzeitig bekannt gegeben.<br />
07. März 2019- Donnerstag 19.30 Uhr Saal Winkeler<br />
„Sauberer Haushalt – Dreckige Umwelt“<br />
Frau Ursula Hoppe erläutert in ihrem Vortrag, wie ihr euer Haus oder eure Wohnung, auch ohne den Einsatz von viel Chemie auf Hochglanz bringen könnt.</p>

<p>Landfrauenverein Geeste-Osterbrock Programmübersicht 2018/2019 17. April 2018 Dienstag 7.00 Uhr ab Kirche/ Osterbrock Fahrt zum schönsten Frühlingspark der Welt, dem Keukenhof in den Niederlanden, 26. Juni 2018 Dienstag 14.00 Uhr ab Steinkamp Osterbrock „Fahrradtour nach Bokeloh“ Wir erleben eine Historische Schulstunde. Kaffee und Kuchen gibt’s unterwegs und zum Abschluss einen Vesperteller bei Giese in Bokeloh. &hellip; </p>
<p class="link-more"><a href="https://www.landfrauen-meppen.de/geeste-osterbrock/jahresprogramm/jahresprogramm-201617/" class="more-link"><span class="screen-reader-text">„Jahresprogramm 2018/2019“ </span>weiterlesen</a></p>
